000
CDUS42 KMFL 252016
CLIPBI


CLIMATE REPORT
NATIONAL WEATHER SERVICE MIAMI, FL
416 PM EDT SAT APR 25 2015


...................................

...THE WEST PALM BEACH CLIMATE SUMMARY FOR APRIL 25 2015...
VALID TODAY AS OF 0400 PM LOCAL TIME.

CLIMATE NORMAL PERIOD 1981 TO 2010
CLIMATE RECORD PERIOD 1888 TO 2015


WEATHER ITEM   OBSERVED TIME   RECORD YEAR NORMAL DEPARTURE LAST
                VALUE   (LST)  VALUE       VALUE  FROM      YEAR
                                                  NORMAL
..................................................................
TEMPERATURE (F)
 TODAY
  MAXIMUM         88    243 PM  97    1971  83      5       90
  MINIMUM         75    559 AM  50    2005  67      8       68
  AVERAGE         82                        75      7       79

PRECIPITATION (IN)
  TODAY            0.00          6.49 1979   0.11  -0.11     0.00
  MONTH TO DATE    5.13                      3.16   1.97     1.04
  SINCE NOV 1     12.97                     21.83  -8.86    22.04
  SINCE JAN 1      9.27                     13.70  -4.43    14.92

SNOWFALL (IN)
  TODAY            0.0
  MONTH TO DATE    0.0
  SINCE MAR 1      0.0
  SINCE JUL 1      0.0
  SNOW DEPTH       0

DEGREE DAYS
 HEATING
  TODAY            0                         0      0        0
  MONTH TO DATE    0                         0      0        0
  SINCE MAR 1      2                        24    -22        7
  SINCE JUL 1    126                       229   -103      122

 COOLING
  TODAY           17                        10      7       14
  MONTH TO DATE  361                       213    148      257
  SINCE MAR 1    714                       406    308      459
  SINCE JAN 1    992                       641    351      805
..................................................................


WIND (MPH)
  HIGHEST WIND SPEED    17   HIGHEST WIND DIRECTION    SE (140)
  HIGHEST GUST SPEED    20   HIGHEST GUST DIRECTION    SE (130)
  AVERAGE WIND SPEED     8.9


SKY COVER
  AVERAGE SKY COVER 0.5


WEATHER CONDITIONS
 THE FOLLOWING WEATHER WAS RECORDED TODAY.
  NO SIGNIFICANT WEATHER WAS OBSERVED.


RELATIVE HUMIDITY (PERCENT)
 HIGHEST    87
 LOWEST     63
 AVERAGE    75

..........................................................


THE WEST PALM BEACH CLIMATE NORMALS FOR TOMORROW
                         NORMAL    RECORD    YEAR
 MAXIMUM TEMPERATURE (F)   83        93      2011
                                             1988
 MINIMUM TEMPERATURE (F)   67        51      1910


SUNRISE AND SUNSET
APRIL 25 2015.........SUNRISE   648 AM EDT   SUNSET   750 PM EDT
APRIL 26 2015.........SUNRISE   647 AM EDT   SUNSET   750 PM EDT


-  INDICATES NEGATIVE NUMBERS.
R  INDICATES RECORD WAS SET OR TIED.
MM INDICATES DATA IS MISSING.
T  INDICATES TRACE AMOUNT.




$$
