000
CDUS46 KPDT 070057
CLIPDT

CLIMATE REPORT
NATIONAL WEATHER SERVICE PENDLETON OR
545 PM PDT WED MAY 6 2015


...................................

...THE PENDLETON OR CLIMATE SUMMARY FOR MAY 6 2015...
VALID TODAY AS OF 0500 PM LOCAL TIME.

CLIMATE NORMAL PERIOD 1981 TO 2010
CLIMATE RECORD PERIOD 1890 TO 2015


WEATHER ITEM   OBSERVED TIME   RECORD YEAR NORMAL DEPARTURE LAST
                VALUE   (LST)  VALUE       VALUE  FROM      YEAR
                                                  NORMAL
..................................................................
TEMPERATURE (F)
 TODAY
  MAXIMUM         61    152 PM  93    1992  67     -6       68
  MINIMUM         39    426 AM  31    1927  43     -4       44
                                      1911
  AVERAGE         50                        55     -5       56

PRECIPITATION (IN)
  TODAY            0.00          0.34 1999   0.04  -0.04      T
  MONTH TO DATE    0.00                      0.25  -0.25     0.11
  SINCE OCT 1      7.83                      9.31  -1.48     7.54
  SINCE JAN 1      3.13                      5.31  -2.18     5.75

SNOWFALL (IN)
  TODAY            0.0           0.0  2002   0.0    0.0      0.0
                                      2001
                                      2000
  MONTH TO DATE    0.0                       0.0    0.0      0.0
  SINCE JAN 1      0.4                       7.7   -7.3     15.2
  SINCE JUL 1      7.2                      15.2   -8.0     21.7
  SNOW DEPTH       0

DEGREE DAYS
 HEATING
  TODAY           15                        10      5        9
  MONTH TO DATE   53                        65    -12       35
  SINCE MAR 1    999                      1113   -114     1048
  SINCE JUL 1   4492                      5012   -520     5313

 COOLING
  TODAY            0                         0      0        0
  MONTH TO DATE    0                         0      0        3
  SINCE MAR 1      0                         1     -1        3
  SINCE JAN 1      0                         1     -1        3
..................................................................


WIND (MPH)
  HIGHEST WIND SPEED    18   HIGHEST WIND DIRECTION     W (260)
  HIGHEST GUST SPEED    22   HIGHEST GUST DIRECTION     W (260)
  AVERAGE WIND SPEED     8.0


SKY COVER
  POSSIBLE SUNSHINE  MM
  AVERAGE SKY COVER 0.5


WEATHER CONDITIONS
 THE FOLLOWING WEATHER WAS RECORDED TODAY.
  NO SIGNIFICANT WEATHER WAS OBSERVED.


RELATIVE HUMIDITY (PERCENT)
 HIGHEST    65           400 AM
 LOWEST     29           400 PM
 AVERAGE    47

..........................................................


THE PENDLETON OR CLIMATE NORMALS FOR TOMORROW
                         NORMAL    RECORD    YEAR
 MAXIMUM TEMPERATURE (F)   68        88      1992
 MINIMUM TEMPERATURE (F)   43        26      1927


SUNRISE AND SUNSET
MAY  6 2015...........SUNRISE   536 AM PDT   SUNSET   809 PM PDT
MAY  7 2015...........SUNRISE   535 AM PDT   SUNSET   810 PM PDT


-  INDICATES NEGATIVE NUMBERS.
R  INDICATES RECORD WAS SET OR TIED.
MM INDICATES DATA IS MISSING.
T  INDICATES TRACE AMOUNT.




$$
