000
CDUS41 KPBZ 020701
CLIPHD


CLIMATE REPORT
NATIONAL WEATHER SERVICE PITTSBURGH PA
300 AM EDT THU APR 2 2015


...................................

...THE NEW PHILADELPHIA OH CLIMATE SUMMARY FOR APRIL 1 2015...

CLIMATE NORMAL PERIOD 1981 TO 2010
CLIMATE RECORD PERIOD 1946 TO 2015


WEATHER ITEM   OBSERVED TIME   RECORD YEAR NORMAL DEPARTURE LAST
                VALUE   (LST)  VALUE       VALUE  FROM      YEAR
                                                  NORMAL
..................................................................
TEMPERATURE (F)
 YESTERDAY
  MAXIMUM         62    531 PM  82    1998  58      4       75
  MINIMUM         25            10    1964  34     -9       35
  AVERAGE         44                        46     -2       55

PRECIPITATION (IN)
  YESTERDAY        0.00         MM      MM   0.11  -0.11      T
  MONTH TO DATE    0.00                      0.11  -0.11      T
  SINCE JUN 1     31.31                     31.41  -0.10    30.34
  SINCE JAN 1      6.58                      8.11  -1.53     5.70

DEGREE DAYS
 HEATING
  YESTERDAY       21                        19      2       10
  MONTH TO DATE   21                        19      2       10
  SINCE MAR 1    876                       798     78      973
  SINCE JUL 1   5494                      5005    489     5606

 COOLING
  YESTERDAY        0                         0      0        0
  MONTH TO DATE    0                         0      0        0
  SINCE MAR 1      0                         1     -1        0
  SINCE JAN 1      0                         1     -1        0
..................................................................


WIND (MPH)
  HIGHEST WIND SPEED    13   HIGHEST WIND DIRECTION     W (250)
  HIGHEST GUST SPEED    17   HIGHEST GUST DIRECTION     W (250)
  AVERAGE WIND SPEED     3.5


SKY COVER
  POSSIBLE SUNSHINE  MM
  AVERAGE SKY COVER 0.1


WEATHER CONDITIONS
 THE FOLLOWING WEATHER WAS RECORDED YESTERDAY.
  FOG
  HAZE


RELATIVE HUMIDITY (PERCENT)
 HIGHEST    88           400 AM
 LOWEST     32           500 PM
 AVERAGE    60

..........................................................


THE NEW PHILADELPHIA OH CLIMATE NORMALS FOR TODAY
                         NORMAL    RECORD    YEAR
 MAXIMUM TEMPERATURE (F)   58        84      1986
 MINIMUM TEMPERATURE (F)   35        12      1964


SUNRISE AND SUNSET
APRIL  2 2015.........SUNRISE   708 AM EDT   SUNSET   751 PM EDT
APRIL  3 2015.........SUNRISE   707 AM EDT   SUNSET   752 PM EDT


-  INDICATES NEGATIVE NUMBERS.
R  INDICATES RECORD WAS SET OR TIED.
MM INDICATES DATA IS MISSING.
T  INDICATES TRACE AMOUNT.




$$
