000
CDUS43 KUNR 050834
CLIPHP


CLIMATE REPORT
NATIONAL WEATHER SERVICE RAPID CITY SD
232 AM MDT TUE MAY 5 2015


...................................

...THE PHILIP SD CLIMATE SUMMARY FOR MAY 4 2015...

CLIMATE NORMAL PERIOD 1981 TO 2010
CLIMATE RECORD PERIOD 9999 TO 9999


WEATHER ITEM   OBSERVED TIME   NORMAL DEPARTURE LAST
                VALUE   (LST)  VALUE  FROM      YEAR
                                      NORMAL
......................................................
TEMPERATURE (F)
 YESTERDAY
  MAXIMUM         67    332 PM  67      0       61
  MINIMUM         43   1149 PM  39      4       38
  AVERAGE         55            53      2       50

PRECIPITATION (IN)
  YESTERDAY        T             0.10  -0.10     0.00
  MONTH TO DATE    T             0.38  -0.38     0.01
  SINCE MAR 1      0.43          3.49  -3.06     1.97
  SINCE JAN 1      0.54          4.27  -3.73     2.45

DEGREE DAYS
 HEATING
  YESTERDAY       10            12     -2       15
  MONTH TO DATE   24            51    -27       63
  SINCE MAR 1   1255          1553   -298     1622
  SINCE JUL 1   6395          6918   -523     7225

 COOLING
  YESTERDAY        0             0      0        0
  MONTH TO DATE    2             0      2        0
  SINCE MAR 1      5             3      2        0
  SINCE JAN 1      5             3      2        0
......................................................


WIND (MPH)
  HIGHEST WIND SPEED    20   HIGHEST WIND DIRECTION     E (100)
  HIGHEST GUST SPEED    24   HIGHEST GUST DIRECTION     E (90)
  AVERAGE WIND SPEED     5.7


SKY COVER
  AVERAGE SKY COVER 0.7


WEATHER CONDITIONS
 THE FOLLOWING WEATHER WAS RECORDED YESTERDAY.
  LIGHT RAIN


RELATIVE HUMIDITY (PERCENT)
 HIGHEST    53           400 AM
 LOWEST     22           400 PM
 AVERAGE    38

..........................................................




SUNRISE AND SUNSET
MAY  5 2015...........SUNRISE   533 AM MDT   SUNSET   754 PM MDT
MAY  6 2015...........SUNRISE   531 AM MDT   SUNSET   755 PM MDT


-  INDICATES NEGATIVE NUMBERS.
R  INDICATES RECORD WAS SET OR TIED.
MM INDICATES DATA IS MISSING.
T  INDICATES TRACE AMOUNT.




$$
