000
CDUS43 KILX 030639
CLIPIA


CLIMATE REPORT
NATIONAL WEATHER SERVICE LINCOLN IL
138 AM CDT SUN MAY 3 2015


...................................

...THE PEORIA IL CLIMATE SUMMARY FOR MAY 2 2015...

CLIMATE NORMAL PERIOD 1981 TO 2010
CLIMATE RECORD PERIOD 1883 TO 2015


WEATHER ITEM   OBSERVED TIME   RECORD YEAR NORMAL DEPARTURE LAST
                VALUE   (LST)  VALUE       VALUE  FROM      YEAR
                                                  NORMAL
..................................................................
TEMPERATURE (F)
 YESTERDAY
  MAXIMUM         78    306 PM  92    1901  69      9       59
  MINIMUM         48    522 AM  30    1911  47      1       47
  AVERAGE         63                        58      5       53

PRECIPITATION (IN)
  YESTERDAY        0.00          2.46 1935   0.14  -0.14      T
  MONTH TO DATE    0.00                      0.27  -0.27     0.01
  SINCE MAR 1      4.03                      6.70  -2.67     5.67
  SINCE JAN 1      7.75                     10.27  -2.52    10.54

SNOWFALL (IN)
  YESTERDAY        0.0           0.0    MM   0.0    0.0      0.0
  MONTH TO DATE    0.0                       0.0    0.0      0.0
  SINCE MAR 1      2.7                       3.3   -0.6      7.4
  SINCE JUL 1     27.0                      24.6    2.4     57.6
  SNOW DEPTH       0

DEGREE DAYS
 HEATING
  YESTERDAY        2                         8     -6       12
  MONTH TO DATE   13                        16     -3       29
  SINCE MAR 1   1030                      1165   -135     1317
  SINCE JUL 1   5736                      5681     55     6496

 COOLING
  YESTERDAY        0                         1     -1        0
  MONTH TO DATE    0                         2     -2        0
  SINCE MAR 1     11                        16     -5        6
  SINCE JAN 1     11                        16     -5        6
..................................................................


WIND (MPH)
  HIGHEST WIND SPEED    16   HIGHEST WIND DIRECTION    SW (210)
  HIGHEST GUST SPEED    20   HIGHEST GUST DIRECTION     S (200)
  AVERAGE WIND SPEED     4.6


SKY COVER
  POSSIBLE SUNSHINE  MM
  AVERAGE SKY COVER 0.2


WEATHER CONDITIONS
 THE FOLLOWING WEATHER WAS RECORDED YESTERDAY.
  HAZE


RELATIVE HUMIDITY (PERCENT)
 HIGHEST    71           400 AM
 LOWEST     24           300 PM
 AVERAGE    48

..........................................................


THE PEORIA IL CLIMATE NORMALS FOR TODAY
                         NORMAL    RECORD    YEAR
 MAXIMUM TEMPERATURE (F)   69        92      1895
 MINIMUM TEMPERATURE (F)   48        28      2005


SUNRISE AND SUNSET
MAY  3 2015...........SUNRISE   555 AM CDT   SUNSET   757 PM CDT
MAY  4 2015...........SUNRISE   554 AM CDT   SUNSET   758 PM CDT


-  INDICATES NEGATIVE NUMBERS.
R  INDICATES RECORD WAS SET OR TIED.
MM INDICATES DATA IS MISSING.
T  INDICATES TRACE AMOUNT.




$$
