000
CDUS45 KPIH 270731
CLIPIH


CLIMATE REPORT
NATIONAL WEATHER SERVICE POCATELLO ID
129 AM MDT MON APR 27 2015


...................................

...THE POCATELLO ID CLIMATE SUMMARY FOR APRIL 26 2015...

CLIMATE NORMAL PERIOD 1981 TO 2010
CLIMATE RECORD PERIOD 1939 TO 2015


WEATHER ITEM   OBSERVED TIME   RECORD YEAR NORMAL DEPARTURE LAST
                VALUE   (LST)  VALUE       VALUE  FROM      YEAR
                                                  NORMAL
..................................................................
TEMPERATURE (F)
 YESTERDAY
  MAXIMUM         58    434 PM  85    1992  62     -4       49
                                      1987
  MINIMUM         35    632 AM  16    2008  35      0       37
  AVERAGE         47                        48     -1       43

PRECIPITATION (IN)
  YESTERDAY        0.02          0.86 1976   0.05  -0.03     0.20
  MONTH TO DATE    0.41                      0.97  -0.56     1.34
  SINCE OCT 1      4.15                      7.41  -3.26     6.71
  SINCE JAN 1      1.76                      4.19  -2.43     5.34

SNOWFALL (IN)
  YESTERDAY        0.0
  MONTH TO DATE    2.9
  SINCE MAR 1      5.5
  SINCE JUL 1     20.3
  SNOW DEPTH       0

DEGREE DAYS
 HEATING
  YESTERDAY       18                        17      1       22
  MONTH TO DATE  505                       517    -12      469
  SINCE MAR 1   1142                      1356   -214     1200
  SINCE JUL 1   5483                      6629  -1146     6180

 COOLING
  YESTERDAY        0                         0      0        0
  MONTH TO DATE    0                         0      0        0
  SINCE MAR 1      0                         0      0        0
  SINCE JAN 1      0                         0      0        0
..................................................................


WIND (MPH)
  HIGHEST WIND SPEED    26   HIGHEST WIND DIRECTION    SW (230)
  HIGHEST GUST SPEED    31   HIGHEST GUST DIRECTION    SW (230)
  AVERAGE WIND SPEED    14.8


SKY COVER
  POSSIBLE SUNSHINE  MM
  AVERAGE SKY COVER 0.9


WEATHER CONDITIONS
 THE FOLLOWING WEATHER WAS RECORDED YESTERDAY.
  LIGHT RAIN


RELATIVE HUMIDITY (PERCENT)
 HIGHEST   100           100 AM
 LOWEST     30           400 PM
 AVERAGE    65

..........................................................


THE POCATELLO ID CLIMATE NORMALS FOR TODAY
                         NORMAL    RECORD    YEAR
 MAXIMUM TEMPERATURE (F)   62        85      1987
 MINIMUM TEMPERATURE (F)   35        22      2008


SUNRISE AND SUNSET
APRIL 27 2015.........SUNRISE   630 AM MDT   SUNSET   826 PM MDT
APRIL 28 2015.........SUNRISE   629 AM MDT   SUNSET   828 PM MDT


-  INDICATES NEGATIVE NUMBERS.
R  INDICATES RECORD WAS SET OR TIED.
MM INDICATES DATA IS MISSING.
T  INDICATES TRACE AMOUNT.




$$
