000
CDUS43 KABR 010906
CLIPIR


CLIMATE REPORT
NATIONAL WEATHER SERVICE ABERDEEN SD
405 AM CDT WED APR 1 2015


...................................

...THE PIERRE SD CLIMATE SUMMARY FOR MARCH 31 2015...

CLIMATE NORMAL PERIOD 1981 TO 2010
CLIMATE RECORD PERIOD 1892 TO 2015


WEATHER ITEM   OBSERVED TIME   RECORD YEAR NORMAL DEPARTURE LAST
                VALUE   (LST)  VALUE       VALUE  FROM      YEAR
                                                  NORMAL
..................................................................
TEMPERATURE (F)
 YESTERDAY
  MAXIMUM         81    438 PM  86    1946  52     29       38
  MINIMUM         29    608 AM   5    1975  29      0       16
  AVERAGE         55                        40     15       27

PRECIPITATION (IN)
  YESTERDAY        0.00          1.28 1981   0.06  -0.06     0.65
                                      2001
  MONTH TO DATE    0.33                      1.23  -0.90     0.99
  SINCE MAR 1      0.33                      1.23  -0.90     0.99
  SINCE JAN 1      0.68                      2.24  -1.56     1.56

SNOWFALL (IN)
  YESTERDAY        0.0           6.0  2014   0.2   -0.2      6.0
  MONTH TO DATE    4.8                       6.0   -1.2      9.7
  SINCE OCT 1     27.1                      27.8   -0.7     34.6
  SINCE JUL 1     27.1                      27.8   -0.7     34.6
  SNOW DEPTH       0

DEGREE DAYS
 HEATING
  YESTERDAY       10                        25    -15       38
  MONTH TO DATE  746                       947   -201     1073
  SINCE MAR 1    746                       947   -201     1073
  SINCE JUL 1   6255                      6445   -190     7068

 COOLING
  YESTERDAY        0                         0      0        0
  MONTH TO DATE    5                         0      5        0
  SINCE MAR 1      5                         0      5        0
  SINCE JAN 1      5                         0      5        0
..................................................................


WIND (MPH)
  RESULTANT WIND SPEED   5   RESULTANT WIND DIRECTION   S (200)
  HIGHEST WIND SPEED    21   HIGHEST WIND DIRECTION    SW (210)
  HIGHEST GUST SPEED    25   HIGHEST GUST DIRECTION    SW (220)
  AVERAGE WIND SPEED     6.7




RELATIVE HUMIDITY (PERCENT)
 HIGHEST    78           600 AM
 LOWEST     12           600 PM
 AVERAGE    45

..........................................................


THE PIERRE SD CLIMATE NORMALS FOR TODAY
                         NORMAL    RECORD    YEAR
 MAXIMUM TEMPERATURE (F)   53        91      2012
 MINIMUM TEMPERATURE (F)   29         8      2014


SUNRISE AND SUNSET
APRIL  1 2015.........SUNRISE   723 AM CDT   SUNSET   808 PM CDT
APRIL  2 2015.........SUNRISE   721 AM CDT   SUNSET   809 PM CDT


-  INDICATES NEGATIVE NUMBERS.
R  INDICATES RECORD WAS SET OR TIED.
MM INDICATES DATA IS MISSING.
T  INDICATES TRACE AMOUNT.




$$
