000
CDUS41 KPBZ 012136
CLIPIT

CLIMATE REPORT
NATIONAL WEATHER SERVICE PITTSBURGH PA
535 PM EDT WED APR 1 2015

...................................

...THE PITTSBURGH PA CLIMATE SUMMARY FOR APRIL 1 2015...
VALID TODAY AS OF 0500 PM LOCAL TIME.

CLIMATE NORMAL PERIOD 1981 TO 2010
CLIMATE RECORD PERIOD 1871 TO 2015

WEATHER ITEM   OBSERVED TIME   RECORD YEAR NORMAL DEPARTURE LAST
                VALUE   (LST)  VALUE       VALUE  FROM      YEAR
                                                  NORMAL
..................................................................
TEMPERATURE (F)
 TODAY
  MAXIMUM         58    359 PM  83    1986  56      2       77
  MINIMUM         26    557 AM  11    1923  35     -9       36
  AVERAGE         42                        46     -4       57

PRECIPITATION (IN)
  TODAY            0.00          1.44 2007   0.11  -0.11     0.00
  MONTH TO DATE    0.00                      0.11  -0.11     0.00
  SINCE JUN 1     29.56                     31.24  -1.68    30.61
  SINCE JAN 1      7.81                      8.15  -0.34     6.30

SNOWFALL (IN)
  TODAY            0.0           2.6  1962   0.1   -0.1      0.0
  MONTH TO DATE    0.0                       0.1   -0.1      0.0
  SINCE OCT 1     47.2                      40.5    6.7     63.3
  SINCE JUL 1     47.2                      40.5    6.7     63.3
  SNOW DEPTH       0

DEGREE DAYS
 HEATING
  TODAY           23                        19      4        8
  MONTH TO DATE   23                        19      4        8
  SINCE MAR 1    921                       807    114      948
  SINCE JUL 1   5589                      5064    525     5479

 COOLING
  TODAY            0                         0      0        0
  MONTH TO DATE    0                         0      0        0
  SINCE MAR 1      0                         1     -1        0
  SINCE JAN 1      0                         1     -1        0
..................................................................

WIND (MPH)
  HIGHEST WIND SPEED    15   HIGHEST WIND DIRECTION     W (280)
  HIGHEST GUST SPEED    21   HIGHEST GUST DIRECTION    NW (300)
  AVERAGE WIND SPEED     4.3


SKY COVER
  POSSIBLE SUNSHINE  MM
  AVERAGE SKY COVER 0.3


WEATHER CONDITIONS
 THE FOLLOWING WEATHER WAS RECORDED TODAY.
  NO SIGNIFICANT WEATHER WAS OBSERVED.


RELATIVE HUMIDITY (PERCENT)
 HIGHEST    81           400 AM
 LOWEST     30           200 PM
 AVERAGE    56

..........................................................


THE PITTSBURGH PA CLIMATE NORMALS FOR TOMORROW
                         NORMAL    RECORD    YEAR
 MAXIMUM TEMPERATURE (F)   57        85      2010
 MINIMUM TEMPERATURE (F)   36        17      1907


SUNRISE AND SUNSET
APRIL  1 2015.........SUNRISE   705 AM EDT   SUNSET   745 PM EDT
APRIL  2 2015.........SUNRISE   703 AM EDT   SUNSET   746 PM EDT


-  INDICATES NEGATIVE NUMBERS.
R  INDICATES RECORD WAS SET OR TIED.
MM INDICATES DATA IS MISSING.
T  INDICATES TRACE AMOUNT.

&&

SNOW DEPTH IS MEASURED AT 7 AM EST OR 8 AM EDT.

$$
