000
CDUS41 KALY 060629
CLIPOU


CLIMATE REPORT
NATIONAL WEATHER SERVICE ALBANY NY
228 AM EDT WED MAY 6 2015


...................................

...THE POUGHKEEPSIE NY CLIMATE SUMMARY FOR MAY 5 2015...

CLIMATE NORMAL PERIOD 1981 TO 2010
CLIMATE RECORD PERIOD 1949 TO 2015


WEATHER ITEM   OBSERVED TIME   RECORD YEAR NORMAL DEPARTURE LAST
                VALUE   (LST)  VALUE       VALUE  FROM      YEAR
                                                  NORMAL
..................................................................
TEMPERATURE (F)
 YESTERDAY
  MAXIMUM         83    507 PM  89    1949  68     15       67
  MINIMUM         60    537 AM  29    1974  43     17       44
  AVERAGE         72                        56     16       56

PRECIPITATION (IN)
  YESTERDAY        0.00          0.95 1978   0.13  -0.13     0.00
  MONTH TO DATE    0.00                      0.62  -0.62     0.27
  SINCE MAR 1      4.40                      7.97  -3.57     7.45
  SINCE JAN 1      8.70                     13.71  -5.01    11.73

DEGREE DAYS
 HEATING
  YESTERDAY        0                        10    -10        9
  MONTH TO DATE   19                        52    -33       37
  SINCE MAR 1   1485                      1420     65     1538
  SINCE JUL 1   6170                      5991    179     6241

 COOLING
  YESTERDAY        7                         0      7        0
  MONTH TO DATE    9                         0      9        0
  SINCE MAR 1      9                         5      4        6
  SINCE JAN 1      9                         5      4        6
..................................................................


WIND (MPH)
  HIGHEST WIND SPEED    14   HIGHEST WIND DIRECTION     N (10)
  HIGHEST GUST SPEED    18   HIGHEST GUST DIRECTION     N (360)
  AVERAGE WIND SPEED     3.8


SKY COVER
  AVERAGE SKY COVER 0.2



RELATIVE HUMIDITY (PERCENT)
 HIGHEST    67           600 AM
 LOWEST     25           600 PM
 AVERAGE    46

..........................................................


THE POUGHKEEPSIE NY CLIMATE NORMALS FOR TODAY
                         NORMAL    RECORD    YEAR
 MAXIMUM TEMPERATURE (F)   69        87      1949
 MINIMUM TEMPERATURE (F)   43        30      1961


SUNRISE AND SUNSET
MAY  6 2015...........SUNRISE   546 AM EDT   SUNSET   759 PM EDT
MAY  7 2015...........SUNRISE   545 AM EDT   SUNSET   800 PM EDT


-  INDICATES NEGATIVE NUMBERS.
R  INDICATES RECORD WAS SET OR TIED.
MM INDICATES DATA IS MISSING.
T  INDICATES TRACE AMOUNT.




RECORDS FOR KPOU DATE BACK TO 1949...
HOWEVER...DATA IS MISSING FROM JANUARY 1993 - JULY 2000.
$$
