000
CDUS46 KPDT 250853
CLIPSC

CLIMATE REPORT
NATIONAL WEATHER SERVICE PENDLETON OR
137 AM PDT SAT APR 25 2015


...................................

...THE PASCO WA CLIMATE SUMMARY FOR APRIL 24 2015...

CLIMATE NORMAL PERIOD 1981 TO 2010
CLIMATE RECORD PERIOD 1948 TO 2015


WEATHER ITEM   OBSERVED TIME   RECORD YEAR NORMAL DEPARTURE LAST
                VALUE   (LST)  VALUE       VALUE  FROM      YEAR
                                                  NORMAL
..................................................................
TEMPERATURE (F)
 YESTERDAY
  MAXIMUM         65    144 PM  83    2012  70     -5       68
                                      1999
  MINIMUM         45    526 AM  26    2002  39      6       50
  AVERAGE         55                        54      1       59

PRECIPITATION (IN)
  YESTERDAY        T             0.27 1974   0.02  -0.02     0.07
  MONTH TO DATE    0.18                      0.54  -0.36     0.35
  SINCE OCT 1      4.27                      6.36  -2.09     2.67
  SINCE JAN 1      1.90                      3.41  -1.51     2.09

SNOWFALL (IN)
  YESTERDAY        0.0
  SNOW DEPTH       0

DEGREE DAYS
 HEATING
  YESTERDAY       10                        11     -1        6
  MONTH TO DATE  326                       304     22      252
  SINCE MAR 1    775                       882   -107      811
  SINCE JUL 1   4231                      4765   -534     5040

 COOLING
  YESTERDAY        0                         0      0        0
  MONTH TO DATE    0                         0      0        0
  SINCE MAR 1      0                         0      0        0
  SINCE JAN 1      0                         0      0        0
..................................................................


WIND (MPH)
  RESULTANT WIND SPEED  11   RESULTANT WIND DIRECTION  SW (230)
  HIGHEST WIND SPEED    25   HIGHEST WIND DIRECTION    SW (210)
  HIGHEST GUST SPEED    31   HIGHEST GUST DIRECTION    SW (210)


SKY COVER
  POSSIBLE SUNSHINE  MM
  AVERAGE SKY COVER 0.1


WEATHER CONDITIONS
 THE FOLLOWING WEATHER WAS RECORDED YESTERDAY.
  NO SIGNIFICANT WEATHER WAS OBSERVED.


RELATIVE HUMIDITY (PERCENT)
 HIGHEST    65
 LOWEST     27
 AVERAGE    46

..........................................................


THE PASCO WA CLIMATE NORMALS FOR TODAY
                         NORMAL    RECORD    YEAR
 MAXIMUM TEMPERATURE (F)   70        86      2001
 MINIMUM TEMPERATURE (F)   39        31      2009


SUNRISE AND SUNSET
APRIL 25 2015.........SUNRISE   553 AM PDT   SUNSET   757 PM PDT
APRIL 26 2015.........SUNRISE   551 AM PDT   SUNSET   758 PM PDT


-  INDICATES NEGATIVE NUMBERS.
R  INDICATES RECORD WAS SET OR TIED.
MM INDICATES DATA IS MISSING.
T  INDICATES TRACE AMOUNT.




$$
