000
CDUS46 KSGX 041436
CLIPSP


CLIMATE REPORT
NATIONAL WEATHER SERVICE SAN DIEGO, CA
736 AM PDT MON MAY 4 2015


...................................

...THE PALM SPRINGS INTL AIRPORT CA CLIMATE SUMMARY FOR MAY 3 2015...

CLIMATE NORMAL PERIOD 1981 TO 2010
CLIMATE RECORD PERIOD 1893 TO 2015


WEATHER ITEM   OBSERVED TIME   RECORD YEAR NORMAL DEPARTURE LAST
                VALUE   (LST)  VALUE       VALUE  FROM      YEAR
                                                  NORMAL
..................................................................
TEMPERATURE (F)
 YESTERDAY
  MAXIMUM         96    220 PM 115    1947  90      6      101
  MINIMUM         70    531 AM  42    1955  62      8       69
  AVERAGE         83                        76      7       85

PRECIPITATION (IN)
  YESTERDAY        0.00          0.00 2002   0.01  -0.01     0.00
                                      2001
                                      1999
  MONTH TO DATE    0.00                      0.03  -0.03     0.00
  SINCE OCT 1      2.09                      4.63  -2.54     0.93
  SINCE JAN 1      1.22                      2.78  -1.56     0.75

SNOWFALL (IN)
  YESTERDAY        0.0
  MONTH TO DATE    0.0
  SINCE MAR 1      0.0
  SINCE JUL 1      0.0
  SNOW DEPTH       0

DEGREE DAYS
 HEATING
  YESTERDAY        0                         0      0        0
  MONTH TO DATE    0                         0      0        0
  SINCE MAR 1     30                        94    -64       20
  SINCE JUL 1    401                       872   -471      431

 COOLING
  YESTERDAY       18                        11      7       20
  MONTH TO DATE   63                        31     32       57
  SINCE MAR 1    654                       324    330      522
  SINCE JAN 1    774                       351    423      630
..................................................................


WIND (MPH)
  RESULTANT WIND SPEED   4   RESULTANT WIND DIRECTION  NW (320)
  HIGHEST WIND SPEED    22   HIGHEST WIND DIRECTION    NW (330)
  HIGHEST GUST SPEED    30   HIGHEST GUST DIRECTION     N (340)
  AVERAGE WIND SPEED     8.1


SKY COVER
  POSSIBLE SUNSHINE  MM
  AVERAGE SKY COVER 0.1


WEATHER CONDITIONS
 THE FOLLOWING WEATHER WAS RECORDED YESTERDAY.
  NO SIGNIFICANT WEATHER WAS OBSERVED.


RELATIVE HUMIDITY (PERCENT)
 HIGHEST    36          1100 PM
 LOWEST     11          1200 PM
 AVERAGE    24

..........................................................


THE PALM SPRINGS INTL AIRPORT CA CLIMATE NORMALS FOR TODAY
                         NORMAL    RECORD    YEAR
 MAXIMUM TEMPERATURE (F)   90       109      1947
 MINIMUM TEMPERATURE (F)   62        44      1959
                                             1953


SUNRISE AND SUNSET
MAY  4 2015...........SUNRISE   554 AM PDT   SUNSET   732 PM PDT
MAY  5 2015...........SUNRISE   553 AM PDT   SUNSET   732 PM PDT


-  INDICATES NEGATIVE NUMBERS.
R  INDICATES RECORD WAS SET OR TIED.
MM INDICATES DATA IS MISSING.
T  INDICATES TRACE AMOUNT.




$$
