000
CDUS45 KPUB 031038
CLIPUB


CLIMATE REPORT
NATIONAL WEATHER SERVICE PUEBLO
438 AM MDT SUN MAY 3 2015


...................................

...THE PUEBLO CO CLIMATE SUMMARY FOR MAY 2 2015...

CLIMATE NORMAL PERIOD 1981 TO 2010
CLIMATE RECORD PERIOD 1888 TO 2015


WEATHER ITEM   OBSERVED TIME   RECORD YEAR NORMAL DEPARTURE LAST
                VALUE   (LST)  VALUE       VALUE  FROM      YEAR
                                                  NORMAL
..................................................................
TEMPERATURE (F)
 YESTERDAY
  MAXIMUM         83    115 PM  89    1981  73     10       77
  MINIMUM         48    605 AM  25    2011  40      8       34
                                      1954
  AVERAGE         66                        56     10       56

PRECIPITATION (IN)
  YESTERDAY        T             0.53 1990   0.05  -0.05     0.00
  MONTH TO DATE    0.02                      0.10  -0.08     0.00
  SINCE MAR 1      2.01                      2.43  -0.42     2.82
  SINCE JAN 1      3.39                      3.08   0.31     3.55

SNOWFALL (IN)
  YESTERDAY        0.0           3.0  1990   0.1   -0.1      0.0
  MONTH TO DATE    0.0                       0.1   -0.1      0.0
  SINCE MAR 1      1.7                       9.6   -7.9     10.7
  SINCE JUL 1     42.8                      31.4   11.4     29.3
  SNOW DEPTH       0

DEGREE DAYS
 HEATING
  YESTERDAY        0                         9     -9        9
  MONTH TO DATE    3                        19    -16       23
  SINCE MAR 1    991                      1156   -165     1075
  SINCE JUL 1   5013                      5459   -446     5280

 COOLING
  YESTERDAY        1                         0      1        0
  MONTH TO DATE    1                         0      1        0
  SINCE MAR 1      1                         2     -1        2
  SINCE JAN 1      1                         2     -1        2
..................................................................


WIND (MPH)
  HIGHEST WIND SPEED    33   HIGHEST WIND DIRECTION    NW (310)
  HIGHEST GUST SPEED    43   HIGHEST GUST DIRECTION    NW (310)
  AVERAGE WIND SPEED     8.2


SKY COVER
  POSSIBLE SUNSHINE  MM
  AVERAGE SKY COVER 0.1


WEATHER CONDITIONS
 THE FOLLOWING WEATHER WAS RECORDED YESTERDAY.
  THUNDERSTORM
  LIGHT RAIN


RELATIVE HUMIDITY (PERCENT)
 HIGHEST   100           300 AM
 LOWEST     15           100 PM
 AVERAGE    58

..........................................................


THE PUEBLO CO CLIMATE NORMALS FOR TODAY
                         NORMAL    RECORD    YEAR
 MAXIMUM TEMPERATURE (F)   73        92      1947
 MINIMUM TEMPERATURE (F)   40        23      2013
                                             2011


SUNRISE AND SUNSET
MAY  3 2015...........SUNRISE   559 AM MDT   SUNSET   751 PM MDT
MAY  4 2015...........SUNRISE   558 AM MDT   SUNSET   752 PM MDT


-  INDICATES NEGATIVE NUMBERS.
R  INDICATES RECORD WAS SET OR TIED.
MM INDICATES DATA IS MISSING.
T  INDICATES TRACE AMOUNT.




$$
