000
CDUS43 KLOT 190632
CLIPWK


CLIMATE REPORT
NATIONAL WEATHER SERVICE CHICAGO IL
132 AM CDT SUN APR 19 2015


...................................

...THE CHICAGO EXECUTIVE CLIMATE SUMMARY FOR APRIL 18 2015...

CLIMATE NORMAL PERIOD 1981 TO 2010
CLIMATE RECORD PERIOD 1996 TO 2015


WEATHER ITEM   OBSERVED TIME   RECORD YEAR NORMAL DEPARTURE LAST
                VALUE   (LST)  VALUE       VALUE  FROM      YEAR
                                                  NORMAL
..................................................................
TEMPERATURE (F)
 YESTERDAY
  MAXIMUM         62    657 AM  88    2002  59      3       49
  MINIMUM         46    815 PM  26    2001  38      8       37
                                      1997
  AVERAGE         54                        49      5       43

PRECIPITATION (IN)
  YESTERDAY        0.00          0.35 2011   0.11  -0.11     0.00
  MONTH TO DATE    2.49                      1.49   1.00     1.37
  SINCE MAR 1      2.80                      3.74  -0.94     1.92
  SINCE JAN 1      3.49                      6.32  -2.83     4.05

DEGREE DAYS
 HEATING
  YESTERDAY       11                        17     -6       22
  MONTH TO DATE  255                       351    -96      348
  SINCE MAR 1   1179                      1204    -25     1395
  SINCE JUL 1   6307                      5942    365     6754

 COOLING
  YESTERDAY        0                         0      0        0
  MONTH TO DATE    0                         0      0        0
  SINCE MAR 1      0                         0      0        0
  SINCE JAN 1      0                         0      0        0
..................................................................


WIND (MPH)
  RESULTANT WIND SPEED   8   RESULTANT WIND DIRECTION  NE (40)
  HIGHEST WIND SPEED    23   HIGHEST WIND DIRECTION    NE (40)
  HIGHEST GUST SPEED    31   HIGHEST GUST DIRECTION    NE (40)
  AVERAGE WIND SPEED     8.7



WEATHER CONDITIONS
 THE FOLLOWING WEATHER WAS RECORDED YESTERDAY.
  NO SIGNIFICANT WEATHER WAS OBSERVED.


..........................................................


THE CHICAGO EXECUTIVE CLIMATE NORMALS FOR TODAY
                         NORMAL    RECORD    YEAR
 MAXIMUM TEMPERATURE (F)   59        81      2005
 MINIMUM TEMPERATURE (F)   39        31      2001


SUNRISE AND SUNSET
APRIL 19 2015.........SUNRISE   605 AM CDT   SUNSET   737 PM CDT
APRIL 20 2015.........SUNRISE   604 AM CDT   SUNSET   738 PM CDT


-  INDICATES NEGATIVE NUMBERS.
R  INDICATES RECORD WAS SET OR TIED.
MM INDICATES DATA IS MISSING.
T  INDICATES TRACE AMOUNT.




$$
