000
CDUS46 KSTO 040837
CLIRDD

CLIMATE REPORT
NATIONAL WEATHER SERVICE SACRAMENTO, CA
136 AM PDT MON MAY 4 2015


...................................

...THE REDDING AIRPORT CA CLIMATE SUMMARY FOR MAY 3 2015...

CLIMATE NORMAL PERIOD 1981 TO 2010
CLIMATE RECORD PERIOD 1986 TO 2015


WEATHER ITEM   OBSERVED RECORD YEAR NORMAL DEPARTURE LAST
                VALUE   VALUE       VALUE  FROM      YEAR
                                           NORMAL
...........................................................
TEMPERATURE (F)
 YESTERDAY
  MAXIMUM         88     95    2013  76     12       79
                               1992
  MINIMUM         56     40    2007  50      6       57
                               1996
  AVERAGE         72

PRECIPITATION (IN)
  YESTERDAY        0.00   0.60 2003   0.06  -0.06     0.00
  MONTH TO DATE    0.00               0.19  -0.19     0.00
  SINCE OCT 1     22.13              31.36  -9.23    16.23
  SINCE JAN 1      5.88              18.51 -12.63    14.12

SNOWFALL (IN)
  YESTERDAY        0.0   MM      MM  MM               0.0
  MONTH TO DATE    0.0               MM               0.0
  SINCE MAR 1      0.0               MM               0.0
  SINCE JUL 1      0.0               MM               5.0

DEGREE DAYS
 HEATING
  YESTERDAY        0

 COOLING
  YESTERDAY        7
...........................................................


WIND (MPH)
  RESULTANT WIND SPEED   4   RESULTANT WIND DIRECTION   S (180)
  HIGHEST WIND SPEED    15   HIGHEST WIND DIRECTION     S (180)
  HIGHEST GUST SPEED    24   HIGHEST GUST DIRECTION     S (180)


SKY COVER
  POSSIBLE SUNSHINE  MM
  AVERAGE SKY COVER 0.0


WEATHER CONDITIONS
 THE FOLLOWING WEATHER WAS RECORDED YESTERDAY.
  HAZE


RELATIVE HUMIDITY (PERCENT)
 HIGHEST    77
 LOWEST     21
 AVERAGE    49

..........................................................


THE REDDING AIRPORT CA CLIMATE NORMALS FOR TODAY
                         NORMAL    RECORD    YEAR
 MAXIMUM TEMPERATURE (F)   77       100      1992
 MINIMUM TEMPERATURE (F)   50        36      1999


SUNRISE AND SUNSET
MAY  4 2015...........SUNRISE   605 AM PDT   SUNSET   808 PM PDT
MAY  5 2015...........SUNRISE   604 AM PDT   SUNSET   809 PM PDT


-  INDICATES NEGATIVE NUMBERS.
R  INDICATES RECORD WAS SET OR TIED.
MM INDICATES DATA IS MISSING.
T  INDICATES TRACE AMOUNT.

&&
....................................................................

REDDING CITY CLIMATE DATA FOR MAY 03

CLIMATE RECORD PERIOD 1897-1986

RECORD HIGH..............     97 IN 1966
RECORD LOW...............     32 IN 1950

RECORD RAINFALL..........   2.65 IN 1896

$$
