000
CDUS45 KRIW 030736
CLIRKS


CLIMATE REPORT
NATIONAL WEATHER SERVICE RIVERTON WY
126 AM MDT SUN MAY 3 2015


...................................

...THE ROCK SPRINGS WY CLIMATE SUMMARY FOR MAY 2 2015...

CLIMATE NORMAL PERIOD 1981 TO 2010
CLIMATE RECORD PERIOD 1948 TO 2015


WEATHER ITEM   OBSERVED TIME   RECORD YEAR NORMAL DEPARTURE LAST
                VALUE   (LST)  VALUE       VALUE  FROM      YEAR
                                                  NORMAL
..................................................................
TEMPERATURE (F)
 YESTERDAY
  MAXIMUM         71   1227 PM  80    1985  59     12       71
  MINIMUM         44    454 AM  18    1954  34     10       36
  AVERAGE         58                        46     12       54

PRECIPITATION (IN)
  YESTERDAY        0.02          0.68 1981   0.04  -0.02     0.00
  MONTH TO DATE    0.02                      0.08  -0.06     0.00
  SINCE MAR 1      0.91                      1.67  -0.76     0.67
  SINCE JAN 1      1.00                      2.60  -1.60     0.82

DEGREE DAYS
 HEATING
  YESTERDAY        7                        19    -12       11
  MONTH TO DATE   19                        38    -19       31
  SINCE MAR 1   1464                      1718   -254     1574
  SINCE JUL 1   6577                      7570   -993     7026

 COOLING
  YESTERDAY        0                         0      0        0
  MONTH TO DATE    0                         0      0        0
  SINCE MAR 1      0                         0      0        0
  SINCE JAN 1      0                         0      0        0
..................................................................


WIND (MPH)
  HIGHEST WIND SPEED    40   HIGHEST WIND DIRECTION     W (250)
  HIGHEST GUST SPEED    48   HIGHEST GUST DIRECTION    NW (310)
  AVERAGE WIND SPEED    11.9


SKY COVER
  POSSIBLE SUNSHINE  MM
  AVERAGE SKY COVER 0.4


WEATHER CONDITIONS
 THE FOLLOWING WEATHER WAS RECORDED YESTERDAY.
  THUNDERSTORM
  RAIN
  LIGHT RAIN


RELATIVE HUMIDITY (PERCENT)
 HIGHEST    68           600 PM
 LOWEST     22          1200 PM
 AVERAGE    45

..........................................................


THE ROCK SPRINGS WY CLIMATE NORMALS FOR TODAY
                         NORMAL    RECORD    YEAR
 MAXIMUM TEMPERATURE (F)   59        79      2000
 MINIMUM TEMPERATURE (F)   34        20      1964


SUNRISE AND SUNSET
MAY  3 2015...........SUNRISE   611 AM MDT   SUNSET   816 PM MDT
MAY  4 2015...........SUNRISE   609 AM MDT   SUNSET   817 PM MDT


-  INDICATES NEGATIVE NUMBERS.
R  INDICATES RECORD WAS SET OR TIED.
MM INDICATES DATA IS MISSING.
T  INDICATES TRACE AMOUNT.




$$
