000
CDUS45 KREV 190048
CLIRNO


CLIMATE REPORT
NATIONAL WEATHER SERVICE RENO NV
548 PM PDT SAT APR 18 2015


...................................

...THE RENO TAHOE AIRPORT NV CLIMATE SUMMARY FOR APRIL 18 2015...
VALID TODAY AS OF 0500 PM LOCAL TIME.

CLIMATE NORMAL PERIOD 1981 TO 2010
CLIMATE RECORD PERIOD 1888 TO 2015


WEATHER ITEM   OBSERVED TIME   RECORD YEAR NORMAL DEPARTURE LAST
                VALUE   (LST)  VALUE       VALUE  FROM      YEAR
                                                  NORMAL
..................................................................
TEMPERATURE (F)
 TODAY
  MAXIMUM         76    350 PM  83    1989  64     12       74
  MINIMUM         39    550 AM  18    1968  38      1       48
  AVERAGE         58                        51      7       61

PRECIPITATION (IN)
  TODAY            0.00          0.40 2002   0.02  -0.02      T
  MONTH TO DATE    0.01                      0.29  -0.28      T
  SINCE OCT 1      2.93                      5.46  -2.53     2.11
  SINCE JAN 1      1.51                      3.10  -1.59     1.15

SNOWFALL (IN)
  TODAY            0.0           1.1  1979   0.0    0.0      0.0
  MONTH TO DATE    T                         0.4   -0.4       T
  SINCE MAR 1      T                         2.4   -2.4       T
  SINCE JUL 1      2.7                      21.4  -18.7      6.2
  SNOW DEPTH       0

DEGREE DAYS
 HEATING
  TODAY            7                        14     -7        4
  MONTH TO DATE  298                       281     17      180
  SINCE MAR 1    692                       879   -187      690
  SINCE JUL 1   3557                      4517   -960     4274

 COOLING
  TODAY            0                         0      0        0
  MONTH TO DATE    0                         0      0        0
  SINCE MAR 1      0                         0      0        0
  SINCE JAN 1      0                         0      0        0
..................................................................


WIND (MPH)
  RESULTANT WIND SPEED   1   RESULTANT WIND DIRECTION  NE (60)
  HIGHEST WIND SPEED    18   HIGHEST WIND DIRECTION    NE (60)
  HIGHEST GUST SPEED    26   HIGHEST GUST DIRECTION     E (70)
  AVERAGE WIND SPEED     2.8



WEATHER CONDITIONS
 THE FOLLOWING WEATHER WAS RECORDED TODAY.
  HAZE


RELATIVE HUMIDITY (PERCENT)
 HIGHEST    48           600 AM
 LOWEST      8           200 PM
 AVERAGE    28

..........................................................


THE RENO TAHOE AIRPORT NV CLIMATE NORMALS FOR TOMORROW
                         NORMAL    RECORD    YEAR
 MAXIMUM TEMPERATURE (F)   65        82      1980
 MINIMUM TEMPERATURE (F)   38        20      1955


SUNRISE AND SUNSET
APRIL 18 2015.........SUNRISE   618 AM PDT   SUNSET   740 PM PDT
APRIL 19 2015.........SUNRISE   616 AM PDT   SUNSET   741 PM PDT


-  INDICATES NEGATIVE NUMBERS.
R  INDICATES RECORD WAS SET OR TIED.
MM INDICATES DATA IS MISSING.
T  INDICATES TRACE AMOUNT.




$$
