000
CDUS45 KABQ 180840
CLIROW


CLIMATE REPORT
NATIONAL WEATHER SERVICE ALBUQUERQUE NM
237 AM MDT SAT APR 18 2015


...................................

...THE ROSWELL NM CLIMATE SUMMARY FOR APRIL 17 2015...

CLIMATE NORMAL PERIOD 1981 TO 2010
CLIMATE RECORD PERIOD 1893 TO 2015


WEATHER ITEM   OBSERVED TIME   RECORD YEAR NORMAL DEPARTURE
                VALUE   (LST)  VALUE       VALUE  FROM
                                                  NORMAL
...............................................................
TEMPERATURE (F)
 YESTERDAY
  MAXIMUM         74    303 PM  94    1948  77     -3
  MINIMUM         42    528 AM  30    2009  45     -3
                                      1924
                                      1901
  AVERAGE         58                        61     -3

PRECIPITATION (IN)
  YESTERDAY        0.00          0.88 1931   0.02  -0.02
  MONTH TO DATE    1.72                      0.28   1.44
  SINCE MAR 1      2.01                      0.79   1.22
  SINCE JAN 1      3.92                      1.59   2.33

SNOWFALL (IN)
  YESTERDAY        0.0
  MONTH TO DATE    0.0
  SINCE MAR 1      T
  SINCE JUL 1     16.2

DEGREE DAYS
 HEATING
  YESTERDAY        7                         5      2
  MONTH TO DATE   70                       116    -46
  SINCE MAR 1    428                       503    -75
  SINCE JUL 1   3145                      3210    -65

 COOLING
  YESTERDAY        0                         1     -1
  MONTH TO DATE   13                        12      1
  SINCE MAR 1     16                        15      1
  SINCE JAN 1     16                        15      1
...............................................................


WIND (MPH)
  HIGHEST WIND SPEED    31   HIGHEST WIND DIRECTION    SW (220)
  HIGHEST GUST SPEED    39   HIGHEST GUST DIRECTION    SW (220)
  AVERAGE WIND SPEED     9.4


SKY COVER
  AVERAGE SKY COVER 0.0


WEATHER CONDITIONS
 THE FOLLOWING WEATHER WAS RECORDED YESTERDAY.
  NO SIGNIFICANT WEATHER WAS OBSERVED.


RELATIVE HUMIDITY (PERCENT)
 HIGHEST    58           900 PM
 LOWEST      8           300 PM
 AVERAGE    33

..........................................................


THE ROSWELL NM CLIMATE NORMALS FOR TODAY
                         NORMAL    RECORD    YEAR
 MAXIMUM TEMPERATURE (F)   78        95      2000
 MINIMUM TEMPERATURE (F)   45        25      1896


SUNRISE AND SUNSET
APRIL 18 2015.........SUNRISE   625 AM MDT   SUNSET   731 PM MDT
APRIL 19 2015.........SUNRISE   623 AM MDT   SUNSET   732 PM MDT


-  INDICATES NEGATIVE NUMBERS.
R  INDICATES RECORD WAS SET OR TIED.
MM INDICATES DATA IS MISSING.
T  INDICATES TRACE AMOUNT.




$$
