000
CDUS45 KPIH 062328
CLIRXE


CLIMATE REPORT
NATIONAL WEATHER SERVICE POCATELLO ID
523 PM MDT WED MAY 6 2015


...................................

...THE REXBURG ID CLIMATE SUMMARY FOR MAY 6 2015...
VALID TODAY AS OF 0500 PM LOCAL TIME.

CLIMATE NORMAL PERIOD 1981 TO 2010
CLIMATE RECORD PERIOD 1998 TO 2015


WEATHER ITEM   OBSERVED TIME   RECORD YEAR NORMAL DEPARTURE LAST
                VALUE   (LST)  VALUE       VALUE  FROM      YEAR
                                                  NORMAL
..................................................................
TEMPERATURE (F)
 TODAY
  MAXIMUM         64    340 PM  78    2004  63      1       59
  MINIMUM         43    607 AM  24    1999  36      7       41
  AVERAGE         54                        50      4       50

PRECIPITATION (IN)
  TODAY            0.00         MM      MM   0.05  -0.05     0.06
  MONTH TO DATE    0.16                      0.32  -0.16     0.06
  SINCE OCT 1      4.74                      7.64  -2.90     6.39
  SINCE JAN 1      1.97                      4.43  -2.46     4.53

SNOWFALL (IN)
  TODAY           MM
  MONTH TO DATE   MM
  SINCE MAR 1     MM
  SINCE JUL 1     MM
  SNOW DEPTH      MM

DEGREE DAYS
 HEATING
  TODAY           11                        16     -5       15
  MONTH TO DATE   57                        98    -41       61
  SINCE MAR 1   1393                      1690   -297     1550
  SINCE JUL 1   6477                      7663  -1186     7365

 COOLING
  TODAY            0                         0      0        0
  MONTH TO DATE    0                         0      0        0
  SINCE MAR 1      0                         0      0        0
  SINCE JAN 1      0                         0      0        0
..................................................................


WIND (MPH)
  HIGHEST WIND SPEED    13   HIGHEST WIND DIRECTION    SW (210)
  HIGHEST GUST SPEED    17   HIGHEST GUST DIRECTION    SW (210)
  AVERAGE WIND SPEED     7.0


SKY COVER
  POSSIBLE SUNSHINE  MM
  AVERAGE SKY COVER 0.2


WEATHER CONDITIONS
 THE FOLLOWING WEATHER WAS RECORDED TODAY.
  NO SIGNIFICANT WEATHER WAS OBSERVED.


RELATIVE HUMIDITY (PERCENT)
 HIGHEST    92           100 AM
 LOWEST     39           400 PM
 AVERAGE    66

..........................................................


THE REXBURG ID CLIMATE NORMALS FOR TOMORROW
                         NORMAL    RECORD    YEAR
 MAXIMUM TEMPERATURE (F)   63        78      2004
 MINIMUM TEMPERATURE (F)   36        22      2010


SUNRISE AND SUNSET
MAY  6 2015...........SUNRISE   613 AM MDT   SUNSET   836 PM MDT
MAY  7 2015...........SUNRISE   611 AM MDT   SUNSET   837 PM MDT


-  INDICATES NEGATIVE NUMBERS.
R  INDICATES RECORD WAS SET OR TIED.
MM INDICATES DATA IS MISSING.
T  INDICATES TRACE AMOUNT.




$$
