000
CDUS46 KLOX 050912
CLISBA


CLIMATE REPORT
NATIONAL WEATHER SERVICE LOS ANGELES/OXNARD CA
212 AM PDT TUE MAY 5 2015


...................................

...THE SANTA BARBARA AIRPORT CA CLIMATE SUMMARY FOR MAY 4 2015...

CLIMATE NORMAL PERIOD 1981 TO 2010
CLIMATE RECORD PERIOD 1940 TO 2015


WEATHER ITEM   OBSERVED TIME   RECORD YEAR NORMAL DEPARTURE LAST
                VALUE   (LST)  VALUE       VALUE  FROM      YEAR
                                                  NORMAL
..................................................................
TEMPERATURE (F)
 YESTERDAY
  MAXIMUM         66    158 PM  90    1948  69     -3       75
  MINIMUM         53    930 PM  40    1965  50      3       49
  AVERAGE         60                        59      1       62

PRECIPITATION (IN)
  YESTERDAY        0.00          0.37 1998   0.02  -0.02     0.00
  MONTH TO DATE    0.00                      0.09  -0.09     0.00
  SINCE OCT 1      9.00                     17.03  -8.03     6.49
  SINCE JAN 1      2.71                     11.73  -9.02     5.20

SNOWFALL (IN)
  YESTERDAY        0.0
  MONTH TO DATE    0.0
  SINCE MAR 1      0.0
  SINCE JUL 1      0.0

DEGREE DAYS
 HEATING
  YESTERDAY        5                         6     -1        3
  MONTH TO DATE   26                        24      2        3
  SINCE MAR 1    290                       548   -258      328
  SINCE JUL 1   1115                      2149  -1034     1563

 COOLING
  YESTERDAY        0                         0      0        0
  MONTH TO DATE    0                         0      0       12
  SINCE MAR 1     38                         7     31       28
  SINCE JAN 1     38                         7     31       28
..................................................................


WIND (MPH)
  HIGHEST WIND SPEED    15   HIGHEST WIND DIRECTION     W (260)
  HIGHEST GUST SPEED    20   HIGHEST GUST DIRECTION     W (270)
  AVERAGE WIND SPEED     7.0


SKY COVER
  POSSIBLE SUNSHINE  MM
  AVERAGE SKY COVER 0.2


WEATHER CONDITIONS
 THE FOLLOWING WEATHER WAS RECORDED YESTERDAY.
  NO SIGNIFICANT WEATHER WAS OBSERVED.


RELATIVE HUMIDITY (PERCENT)
 HIGHEST    83          1200 AM
 LOWEST     56           100 PM
 AVERAGE    70

..........................................................


THE SANTA BARBARA AIRPORT CA CLIMATE NORMALS FOR TODAY
                         NORMAL    RECORD    YEAR
 MAXIMUM TEMPERATURE (F)   69        89      1953
 MINIMUM TEMPERATURE (F)   50        39      1975


SUNRISE AND SUNSET
MAY  5 2015...........SUNRISE   606 AM PDT   SUNSET   747 PM PDT
MAY  6 2015...........SUNRISE   605 AM PDT   SUNSET   748 PM PDT


-  INDICATES NEGATIVE NUMBERS.
R  INDICATES RECORD WAS SET OR TIED.
MM INDICATES DATA IS MISSING.
T  INDICATES TRACE AMOUNT.




$$
