000
CDUS46 KMFR 050836
CLISIY


CLIMATE REPORT
NATIONAL WEATHER SERVICE MEDFORD, OR
136 AM PDT TUE MAY 5 2015


...................................

...THE MONTAGUE CA CLIMATE SUMMARY FOR MAY 4 2015...

CLIMATE NORMAL PERIOD 1981 TO 2010
CLIMATE RECORD PERIOD 1948 TO 2015


WEATHER ITEM   OBSERVED TIME   RECORD YEAR NORMAL DEPARTURE LAST
                VALUE   (LST)  VALUE       VALUE  FROM      YEAR
                                                  NORMAL
..................................................................
TEMPERATURE (F)
 YESTERDAY
  MAXIMUM         80    239 PM  93    1992  68     12       66
  MINIMUM         40    516 AM  25    1988  38      2       35
  AVERAGE         60                        53      7       51

PRECIPITATION (IN)
  YESTERDAY        0.00          0.31 2009   0.07  -0.07      T
  MONTH TO DATE    0.00                      0.27  -0.27      T
  SINCE OCT 1     11.04                     15.18  -4.14     6.05
  SINCE JAN 1      5.13                      8.35  -3.22     5.41

SNOWFALL (IN)
  YESTERDAY       MM                        MM     MM       MM
  MONTH TO DATE   MM                        MM     MM       MM
  SINCE JUL 1     MM                        MM     MM        0.0
  SNOW DEPTH      MM

DEGREE DAYS
 HEATING
  YESTERDAY        5                        12     -7       14
  MONTH TO DATE   17                        50    -33       26
  SINCE MAR 1    997                      1271   -274      994
  SINCE JUL 1   4139                      5148  -1009     5042

 COOLING
  YESTERDAY        0                         0      0        0
  MONTH TO DATE    0                         0      0        0
  SINCE MAR 1      0                         0      0        2
  SINCE JAN 1      0                         0      0        2
..................................................................


WIND (MPH)
  HIGHEST WIND SPEED    23   HIGHEST WIND DIRECTION     N (350)
  HIGHEST GUST SPEED    28   HIGHEST GUST DIRECTION     N (360)
  AVERAGE WIND SPEED     9.1


SKY COVER
  POSSIBLE SUNSHINE  MM
  AVERAGE SKY COVER 0.0


WEATHER CONDITIONS
 THE FOLLOWING WEATHER WAS RECORDED YESTERDAY.
  NO SIGNIFICANT WEATHER WAS OBSERVED.


RELATIVE HUMIDITY (PERCENT)
 HIGHEST    79           400 AM
 LOWEST     15           200 PM

..........................................................


THE MONTAGUE CA CLIMATE NORMALS FOR TODAY
                         NORMAL    RECORD    YEAR
 MAXIMUM TEMPERATURE (F)   68        96      1992
 MINIMUM TEMPERATURE (F)   38        26      1988


SUNRISE AND SUNSET
MAY  5 2015...........SUNRISE   601 AM PDT   SUNSET   812 PM PDT
MAY  6 2015...........SUNRISE   600 AM PDT   SUNSET   813 PM PDT


-  INDICATES NEGATIVE NUMBERS.
R  INDICATES RECORD WAS SET OR TIED.
MM INDICATES DATA IS MISSING.
T  INDICATES TRACE AMOUNT.




$$
