000
CDUS45 KSLC 051218
CLISLC


CLIMATE REPORT
NATIONAL WEATHER SERVICE SALT LAKE CITY UT
618 AM MDT TUE MAY 5 2015


...................................

...THE SALT LAKE CITY UT CLIMATE SUMMARY FOR MAY 4 2015...

CLIMATE NORMAL PERIOD 1981 TO 2010
CLIMATE RECORD PERIOD 1874 TO 2015


WEATHER ITEM   OBSERVED TIME   RECORD YEAR NORMAL DEPARTURE LAST
                VALUE   (LST)  VALUE       VALUE  FROM      YEAR
                                                  NORMAL
..................................................................
TEMPERATURE (F)
 YESTERDAY
  MAXIMUM         76    157 PM  88    1947  68      8       76
  MINIMUM         57    605 AM  31    1964  44     13       58
  AVERAGE         67                        56     11       67

PRECIPITATION (IN)
  YESTERDAY        T             0.92 1993   0.06  -0.06     0.00
  MONTH TO DATE    T                         0.28  -0.28     0.00
  SINCE OCT 1      6.21                     10.94  -4.73     8.44
  SINCE JAN 1      4.20                      6.56  -2.36     5.43

SNOWFALL (IN)
  YESTERDAY        0.0           4.0  1975   0.0    0.0      0.0
  MONTH TO DATE    0.0                       0.1   -0.1      0.0
  SINCE OCT 1     15.4                      56.0  -40.6     35.5
  SINCE JUL 1     15.4                      56.0  -40.6     35.5
  SNOW DEPTH       0

DEGREE DAYS
 HEATING
  YESTERDAY        0                        10    -10        0
  MONTH TO DATE    2                        40    -38       13
  SINCE MAR 1    839                      1140   -301      885
  SINCE JUL 1   4186                      5396  -1210     4872

 COOLING
  YESTERDAY        2                         1      1        2
  MONTH TO DATE   11                         3      8        6
  SINCE MAR 1     11                         7      4        6
  SINCE JAN 1     11                         7      4        6
..................................................................


WIND (MPH)
  RESULTANT WIND SPEED   3   RESULTANT WIND DIRECTION  SE (120)
  HIGHEST WIND SPEED    22   HIGHEST WIND DIRECTION     E (110)
  HIGHEST GUST SPEED    26   HIGHEST GUST DIRECTION    SE (120)
  AVERAGE WIND SPEED     7.5


SKY COVER
  POSSIBLE SUNSHINE  MM
  AVERAGE SKY COVER 0.5


WEATHER CONDITIONS
 THE FOLLOWING WEATHER WAS RECORDED YESTERDAY.
  THUNDERSTORM
  LIGHT RAIN


RELATIVE HUMIDITY (PERCENT)
 HIGHEST    62           400 AM
 LOWEST     29          1100 AM
 AVERAGE    46

..........................................................


THE SALT LAKE CITY UT CLIMATE NORMALS FOR TODAY
                         NORMAL    RECORD    YEAR
 MAXIMUM TEMPERATURE (F)   68        88      1966
                                             1947
 MINIMUM TEMPERATURE (F)   45        28      1961


SUNRISE AND SUNSET
MAY  5 2015...........SUNRISE   622 AM MDT   SUNSET   828 PM MDT
MAY  6 2015...........SUNRISE   620 AM MDT   SUNSET   829 PM MDT


-  INDICATES NEGATIVE NUMBERS.
R  INDICATES RECORD WAS SET OR TIED.
MM INDICATES DATA IS MISSING.
T  INDICATES TRACE AMOUNT.




$$
