000
CDUS46 KLOX 280924
CLISMX


CLIMATE REPORT
NATIONAL WEATHER SERVICE LOS ANGELES/OXNARD CA
224 AM PDT TUE APR 28 2015


...................................

...THE SANTA MARIA AIRPORT CA CLIMATE SUMMARY FOR APRIL 27 2015...

CLIMATE NORMAL PERIOD 1981 TO 2010
CLIMATE RECORD PERIOD 1906 TO 2015


WEATHER ITEM   OBSERVED TIME   RECORD YEAR NORMAL DEPARTURE LAST
                VALUE   (LST)  VALUE       VALUE  FROM      YEAR
                                                  NORMAL
..................................................................
TEMPERATURE (F)
 YESTERDAY
  MAXIMUM         83   1205 PM 101    2004  68     15       69
  MINIMUM         48   1241 AM  31    1984  45      3       42
  AVERAGE         66                        57      9       56

PRECIPITATION (IN)
  YESTERDAY        0.00          1.35 1944   0.02  -0.02     0.00
  MONTH TO DATE    0.67                      0.92  -0.25     0.84
  SINCE OCT 1      7.37                     13.35  -5.98     4.49
  SINCE JAN 1      1.81                      9.30  -7.49     4.00

SNOWFALL (IN)
  YESTERDAY        0.0
  MONTH TO DATE    0.0
  SINCE MAR 1      0.0
  SINCE JUL 1      0.0

DEGREE DAYS
 HEATING
  YESTERDAY        0                         9     -9
  MONTH TO DATE  165                       259    -94
  SINCE MAR 1    298                       599   -301
  SINCE JUL 1    985                      2432  -1447

 COOLING
  YESTERDAY        1                         0      1
  MONTH TO DATE    1                         0      1
  SINCE MAR 1     28                         1     27
  SINCE JAN 1     28                         2     26
..................................................................


WIND (MPH)
  HIGHEST WIND SPEED    16   HIGHEST WIND DIRECTION    NW (320)
  HIGHEST GUST SPEED    20   HIGHEST GUST DIRECTION    NW (310)
  AVERAGE WIND SPEED     5.5


SKY COVER
  POSSIBLE SUNSHINE  MM
  AVERAGE SKY COVER 0.1


WEATHER CONDITIONS
 THE FOLLOWING WEATHER WAS RECORDED YESTERDAY.
  FOG


RELATIVE HUMIDITY (PERCENT)
 HIGHEST    93          1200 AM
 LOWEST     28          1100 AM
 AVERAGE    61

..........................................................


THE SANTA MARIA AIRPORT CA CLIMATE NORMALS FOR TODAY
                         NORMAL    RECORD    YEAR
 MAXIMUM TEMPERATURE (F)   68        90      1981
 MINIMUM TEMPERATURE (F)   45        32      1970


SUNRISE AND SUNSET
APRIL 28 2015.........SUNRISE   615 AM PDT   SUNSET   745 PM PDT
APRIL 29 2015.........SUNRISE   613 AM PDT   SUNSET   745 PM PDT


-  INDICATES NEGATIVE NUMBERS.
R  INDICATES RECORD WAS SET OR TIED.
MM INDICATES DATA IS MISSING.
T  INDICATES TRACE AMOUNT.




$$
