000
CDUS46 KSGX 070017
CLISNA


CLIMATE REPORT
NATIONAL WEATHER SERVICE SAN DIEGO, CA
517 PM PDT WED MAY 6 2015


...................................

...THE JOHN WAYNE AIRPORT CA CLIMATE SUMMARY FOR MAY 6 2015...
VALID TODAY AS OF 0500 PM LOCAL TIME.

CLIMATE NORMAL PERIOD 1981 TO 2010
CLIMATE RECORD PERIOD 1999 TO 2015


WEATHER ITEM   OBSERVED TIME   RECORD YEAR NORMAL DEPARTURE LAST
                VALUE   (LST)  VALUE       VALUE  FROM      YEAR
                                                  NORMAL
..................................................................
TEMPERATURE (F)
 TODAY
  MAXIMUM         68    146 PM  90    2007  71     -3       68
  MINIMUM         59    421 AM  54    1999  57      2       59
  AVERAGE         64                        64      0       64

PRECIPITATION (IN)
  TODAY            0.00          0.21 2005   0.01  -0.01     0.00
  MONTH TO DATE    0.00                      0.10  -0.10     0.00
  SINCE OCT 1      5.78                     12.83  -7.05     3.52
  SINCE JAN 1      1.98                      8.75  -6.77     2.59

SNOWFALL (IN)
  TODAY            0.0
  MONTH TO DATE    0.0
  SINCE MAR 1      0.0
  SINCE JUL 1      0.0
  SNOW DEPTH       0

DEGREE DAYS
 HEATING
  TODAY            1                         2     -1        1
  MONTH TO DATE    5                        13     -8        1
  SINCE MAR 1     80                       314   -234      114
  SINCE JUL 1    305                      1220   -915      604

 COOLING
  TODAY            0                         1     -1        0
  MONTH TO DATE   11                         6      5       45
  SINCE MAR 1    163                        27    136      137
  SINCE JAN 1    235                        35    200      164
..................................................................


WIND (MPH)
  RESULTANT WIND SPEED   5   RESULTANT WIND DIRECTION   S (200)
  HIGHEST WIND SPEED    15   HIGHEST WIND DIRECTION     S (200)
  HIGHEST GUST SPEED    17   HIGHEST GUST DIRECTION     S (170)
  AVERAGE WIND SPEED     6.7


SKY COVER
  POSSIBLE SUNSHINE  MM
  AVERAGE SKY COVER 0.8


WEATHER CONDITIONS
 THE FOLLOWING WEATHER WAS RECORDED TODAY.
  NO SIGNIFICANT WEATHER WAS OBSERVED.


RELATIVE HUMIDITY (PERCENT)
 HIGHEST    72          1200 AM
 LOWEST     48           100 PM
 AVERAGE    60

..........................................................


THE JOHN WAYNE AIRPORT CA CLIMATE NORMALS FOR TOMORROW
                         NORMAL    RECORD    YEAR
 MAXIMUM TEMPERATURE (F)   71        93      2007
 MINIMUM TEMPERATURE (F)   57        55      2005
                                             1999


SUNRISE AND SUNSET
MAY  6 2015...........SUNRISE   558 AM PDT   SUNSET   738 PM PDT
MAY  7 2015...........SUNRISE   557 AM PDT   SUNSET   739 PM PDT


-  INDICATES NEGATIVE NUMBERS.
R  INDICATES RECORD WAS SET OR TIED.
MM INDICATES DATA IS MISSING.
T  INDICATES TRACE AMOUNT.




$$
