000
CDUS45 KPIH 012330
CLISNT


CLIMATE REPORT
NATIONAL WEATHER SERVICE POCATELLO ID
526 PM MDT WED APR 1 2015


...................................

...THE STANLEY ID CLIMATE SUMMARY FOR APRIL 1 2015...
VALID TODAY AS OF 0500 PM LOCAL TIME.

CLIMATE NORMAL PERIOD 1981 TO 2010
CLIMATE RECORD PERIOD 1916 TO 2015


WEATHER ITEM   OBSERVED TIME   RECORD YEAR NORMAL DEPARTURE LAST
                VALUE   (LST)  VALUE       VALUE  FROM      YEAR
                                                  NORMAL
..................................................................
TEMPERATURE (F)
 TODAY
  MAXIMUM         37   1244 PM  64    1990  44     -7       36
  MINIMUM         20    244 AM -17    2008  16      4       10
  AVERAGE         29                        30     -1       23

PRECIPITATION (IN)
  TODAY            0.01          0.84 2014   0.07  -0.06     0.84
  MONTH TO DATE    0.01                      0.07  -0.06     0.84
  SINCE OCT 1     11.19                     10.04   1.15    13.98
  SINCE JAN 1      4.48                      5.19  -0.71    10.37

SNOWFALL (IN)
  TODAY           MM
  MONTH TO DATE   MM
  SINCE MAR 1     MM
  SINCE JUL 1     MM
  SNOW DEPTH      MM

DEGREE DAYS
 HEATING
  TODAY           36                        35      1       42
  MONTH TO DATE   36                        35      1       42
  SINCE MAR 1    972                      1219   -247     1189
  SINCE JUL 1   7350                      8753  -1403     8357

 COOLING
  TODAY            0                         0      0        0
  MONTH TO DATE    0                         0      0        0
  SINCE MAR 1      0                         0      0        0
  SINCE JAN 1      0                         0      0        0
..................................................................


WIND (MPH)
  HIGHEST WIND SPEED    14   HIGHEST WIND DIRECTION     W (260)
  HIGHEST GUST SPEED    19   HIGHEST GUST DIRECTION    SW (220)
  AVERAGE WIND SPEED     3.7


SKY COVER
  POSSIBLE SUNSHINE  MM
  AVERAGE SKY COVER 0.0


WEATHER CONDITIONS
 THE FOLLOWING WEATHER WAS RECORDED TODAY.
  NO SIGNIFICANT WEATHER WAS OBSERVED.


RELATIVE HUMIDITY (PERCENT)
 HIGHEST    81           400 AM
 LOWEST     38          1200 PM
 AVERAGE    60

..........................................................


THE STANLEY ID CLIMATE NORMALS FOR TOMORROW
                         NORMAL    RECORD    YEAR
 MAXIMUM TEMPERATURE (F)   44        64      1992
 MINIMUM TEMPERATURE (F)   17       -12      2008


SUNRISE AND SUNSET
APRIL  1 2015.........SUNRISE   721 AM MDT   SUNSET   807 PM MDT
APRIL  2 2015.........SUNRISE   719 AM MDT   SUNSET   808 PM MDT


-  INDICATES NEGATIVE NUMBERS.
R  INDICATES RECORD WAS SET OR TIED.
MM INDICATES DATA IS MISSING.
T  INDICATES TRACE AMOUNT.




$$
