000
CDUS45 KPUB 181102
CLISPD


CLIMATE REPORT
NATIONAL WEATHER SERVICE PUEBLO
502 AM MDT SAT APR 18 2015


...................................

...THE SPRINGFIELD CO CLIMATE SUMMARY FOR APRIL 17 2015...

CLIMATE NORMAL PERIOD 1981 TO 2010
CLIMATE RECORD PERIOD 9999 TO 9999


WEATHER ITEM   OBSERVED TIME   NORMAL DEPARTURE LAST
                VALUE   (LST)  VALUE  FROM      YEAR
                                      NORMAL
......................................................
TEMPERATURE (F)
 YESTERDAY
  MAXIMUM         66    244 PM  67     -1       51
  MINIMUM         34   1129 PM  37     -3       35
  AVERAGE         50                            43

PRECIPITATION (IN)
  YESTERDAY        0.01          0.05  -0.04     0.10
  MONTH TO DATE    0.35          0.70  -0.35     0.60
  SINCE MAR 1      0.73          1.83  -1.10     0.97
  SINCE JAN 1      2.57          2.64  -0.07     1.30

DEGREE DAYS
 HEATING
  YESTERDAY       15            13      2       22
  MONTH TO DATE  205           262    -57      303
  SINCE MAR 1    812           949   -137     1015
  SINCE JUL 1   4716          4955   -239     5012

 COOLING
  YESTERDAY        0             0      0        0
  MONTH TO DATE    0             0      0        3
  SINCE MAR 1      0             0      0        3
  SINCE JAN 1      0             0      0        3
......................................................


WIND (MPH)
  HIGHEST WIND SPEED    24   HIGHEST WIND DIRECTION     S (170)
  HIGHEST GUST SPEED    31   HIGHEST GUST DIRECTION     S (180)
  AVERAGE WIND SPEED    11.5


SKY COVER
  POSSIBLE SUNSHINE  MM



RELATIVE HUMIDITY (PERCENT)
 HIGHEST   100          1200 AM
 LOWEST     13           300 PM
 AVERAGE    57

..........................................................


THE SPRINGFIELD CO CLIMATE NORMALS FOR TODAY
                         NORMAL    RECORD    YEAR
 MAXIMUM TEMPERATURE (F)   68        MM        MM
 MINIMUM TEMPERATURE (F)   37        MM        MM


SUNRISE AND SUNSET
APRIL 18 2015.........SUNRISE   612 AM MDT   SUNSET   728 PM MDT
APRIL 19 2015.........SUNRISE   611 AM MDT   SUNSET   729 PM MDT


-  INDICATES NEGATIVE NUMBERS.
R  INDICATES RECORD WAS SET OR TIED.
MM INDICATES DATA IS MISSING.
T  INDICATES TRACE AMOUNT.




$$
