000
CDUS43 KILX 182138
CLISPI


CLIMATE REPORT
NATIONAL WEATHER SERVICE LINCOLN IL
436 PM CDT SAT APR 18 2015


...................................

...THE SPRINGFIELD IL CLIMATE SUMMARY FOR APRIL 18 2015...
VALID TODAY AS OF 0400 PM LOCAL TIME.

CLIMATE NORMAL PERIOD 1981 TO 2010
CLIMATE RECORD PERIOD 1879 TO 2015


WEATHER ITEM   OBSERVED TIME   RECORD YEAR NORMAL DEPARTURE LAST
                VALUE   (LST)  VALUE       VALUE  FROM      YEAR
                                                  NORMAL
..................................................................
TEMPERATURE (F)
 TODAY
  MAXIMUM         82   1242 PM  87    2004  66     16       70
                                      2002
  MINIMUM         53    530 AM  27    1983  43     10       39
  AVERAGE         68                        54     14       55

PRECIPITATION (IN)
  TODAY            0.00          3.22 1969   0.12  -0.12     0.00
  MONTH TO DATE    0.87                      1.98  -1.11     2.34
  SINCE MAR 1      2.43                      4.61  -2.18     4.13
  SINCE JAN 1      5.71                      8.24  -2.53     9.56

SNOWFALL (IN)
  TODAY            0.0           2.0  1887   0.0    0.0      0.0
  MONTH TO DATE    0.0                       0.3   -0.3      0.1
  SINCE MAR 1      3.7                       2.8    0.9      3.4
  SINCE JUL 1     33.9                      20.9   13.0     45.7
  SNOW DEPTH       0

DEGREE DAYS
 HEATING
  TODAY            0                        11    -11       10
  MONTH TO DATE  110                       255   -145      233
  SINCE MAR 1    862                       966   -104     1088
  SINCE JUL 1   5431                      5237    194     6035

 COOLING
  TODAY            3                         1      2        0
  MONTH TO DATE   10                         7      3        4
  SINCE MAR 1     10                         9      1        4
  SINCE JAN 1     10                         9      1        4
..................................................................


WIND (MPH)
  HIGHEST WIND SPEED    21   HIGHEST WIND DIRECTION     S (160)
  HIGHEST GUST SPEED    25   HIGHEST GUST DIRECTION    SE (150)
  AVERAGE WIND SPEED     6.0


SKY COVER
  POSSIBLE SUNSHINE  MM
  AVERAGE SKY COVER 0.0


WEATHER CONDITIONS
 THE FOLLOWING WEATHER WAS RECORDED TODAY.
  FOG
  HAZE


RELATIVE HUMIDITY (PERCENT)
 HIGHEST    86           400 AM
 LOWEST     35           300 PM
 AVERAGE    61

..........................................................


THE SPRINGFIELD IL CLIMATE NORMALS FOR TOMORROW
                         NORMAL    RECORD    YEAR
 MAXIMUM TEMPERATURE (F)   66        87      1938
 MINIMUM TEMPERATURE (F)   44        24      1983


SUNRISE AND SUNSET
APRIL 18 2015.........SUNRISE   617 AM CDT   SUNSET   740 PM CDT
APRIL 19 2015.........SUNRISE   616 AM CDT   SUNSET   741 PM CDT


-  INDICATES NEGATIVE NUMBERS.
R  INDICATES RECORD WAS SET OR TIED.
MM INDICATES DATA IS MISSING.
T  INDICATES TRACE AMOUNT.




$$
