000
CDUS42 KTBW 252128
CLISRQ


CLIMATE REPORT
NATIONAL WEATHER SERVICE TAMPA BAY FL
525 PM EDT SAT APR 25 2015


...................................

...THE SARASOTA BRADENTON CLIMATE SUMMARY FOR APRIL 25 2015...
VALID TODAY AS OF 0500 PM LOCAL TIME.

CLIMATE NORMAL PERIOD 1981 TO 2010
CLIMATE RECORD PERIOD 1911 TO 2015


WEATHER ITEM   OBSERVED TIME   RECORD YEAR NORMAL DEPARTURE LAST
                VALUE   (LST)  VALUE       VALUE  FROM      YEAR
                                                  NORMAL
..................................................................
TEMPERATURE (F)
 TODAY
  MAXIMUM         86   1115 AM  92    1958  82      4       80
  MINIMUM         70    620 AM  48    1998  63      7       63
  AVERAGE         78                        73      5       72

PRECIPITATION (IN)
  TODAY            0.00          1.18 1954   0.08  -0.08     0.00
  MONTH TO DATE    0.85                      2.13  -1.28     1.24
  SINCE MAR 1      1.83                      5.99  -4.16     7.71
  SINCE JAN 1      6.71                     11.18  -4.47    11.33

DEGREE DAYS
 HEATING
  TODAY            0                         0      0        0
  MONTH TO DATE    0                         8     -8        0
  SINCE MAR 1     13                        57    -44       37
  SINCE JUL 1    470                       475     -5      345

 COOLING
  TODAY           13                         8      5        7
  MONTH TO DATE  269                       153    116      147
  SINCE MAR 1    491                       253    238      233
  SINCE JAN 1    560                       357    203      349
..................................................................


WIND (MPH)
  RESULTANT WIND SPEED   7   RESULTANT WIND DIRECTION   S (170)
  HIGHEST WIND SPEED    20   HIGHEST WIND DIRECTION    SW (210)
  HIGHEST GUST SPEED    24   HIGHEST GUST DIRECTION     S (200)
  AVERAGE WIND SPEED    10.5


SKY COVER
  POSSIBLE SUNSHINE  MM
  AVERAGE SKY COVER 0.2


WEATHER CONDITIONS
 THE FOLLOWING WEATHER WAS RECORDED TODAY.
  NO SIGNIFICANT WEATHER WAS OBSERVED.


RELATIVE HUMIDITY (PERCENT)
 HIGHEST   100           600 AM
 LOWEST     70          1200 PM

..........................................................


THE SARASOTA BRADENTON CLIMATE NORMALS FOR TOMORROW
                         NORMAL    RECORD    YEAR
 MAXIMUM TEMPERATURE (F)   82        91      1958
 MINIMUM TEMPERATURE (F)   63        47      1983


SUNRISE AND SUNSET
APRIL 25 2015.........SUNRISE   656 AM EDT   SUNSET   800 PM EDT
APRIL 26 2015.........SUNRISE   656 AM EDT   SUNSET   801 PM EDT


-  INDICATES NEGATIVE NUMBERS.
R  INDICATES RECORD WAS SET OR TIED.
MM INDICATES DATA IS MISSING.
T  INDICATES TRACE AMOUNT.




$$


&&
------------------------------------------------------------------
******************** SUPPLEMENTAL DATA ***************************

...GULF WATER TEMPERATURE AT NEW PASS 85
