000
CDUS41 KBGM 030549
CLISYR


CLIMATE REPORT
NATIONAL WEATHER SERVICE BINGHAMTON NY
147 AM EDT SUN MAY 3 2015


...................................

...THE SYRACUSE NY CLIMATE SUMMARY FOR MAY 2 2015...

CLIMATE NORMAL PERIOD 1981 TO 2010
CLIMATE RECORD PERIOD 1902 TO 2015


WEATHER ITEM   OBSERVED TIME   RECORD YEAR NORMAL DEPARTURE LAST
                VALUE   (LST)  VALUE       VALUE  FROM      YEAR
                                                  NORMAL
..................................................................
TEMPERATURE (F)
 YESTERDAY
  MAXIMUM         73    151 PM  86    2001  64      9       59
  MINIMUM         42    529 AM  26    1903  42      0       49
  AVERAGE         58                        53      5       54

PRECIPITATION (IN)
  YESTERDAY        0.00          1.30 1992   0.09  -0.09      T
  MONTH TO DATE    0.00                      0.19  -0.19     0.09
  SINCE MAR 1      4.31                      6.33  -2.02     8.21
  SINCE JAN 1      8.19                     10.90  -2.71    13.76

SNOWFALL (IN)
  YESTERDAY        0.0           T    1986   0.0    0.0      0.0
  MONTH TO DATE    0.0                       0.0    0.0      0.0
  SINCE MAR 1     12.9                      21.8   -8.9     22.1
  SINCE JUL 1    119.7                     123.7   -4.0    132.0
  SNOW DEPTH       0

DEGREE DAYS
 HEATING
  YESTERDAY        7                        12     -5       11
  MONTH TO DATE   15                        24     -9       22
  SINCE MAR 1   1733                      1528    205     1795
  SINCE JUL 1   6957                      6359    598     6887

 COOLING
  YESTERDAY        0                         0      0        0
  MONTH TO DATE    0                         0      0        0
  SINCE MAR 1      0                         4     -4        1
  SINCE JAN 1      0                         4     -4        1
..................................................................


WIND (MPH)
  HIGHEST WIND SPEED    18   HIGHEST WIND DIRECTION    NW (310)
  HIGHEST GUST SPEED    24   HIGHEST GUST DIRECTION     W (290)
  AVERAGE WIND SPEED     5.7


SKY COVER
  POSSIBLE SUNSHINE  MM
  AVERAGE SKY COVER 0.4


WEATHER CONDITIONS
 THE FOLLOWING WEATHER WAS RECORDED YESTERDAY.
  NO SIGNIFICANT WEATHER WAS OBSERVED.


RELATIVE HUMIDITY (PERCENT)
 HIGHEST    89           600 AM
 LOWEST     25           100 PM
 AVERAGE    57

..........................................................


THE SYRACUSE NY CLIMATE NORMALS FOR TODAY
                         NORMAL    RECORD    YEAR
 MAXIMUM TEMPERATURE (F)   65        88      2001
                                             1944
 MINIMUM TEMPERATURE (F)   43        27      1911


SUNRISE AND SUNSET
MAY  3 2015...........SUNRISE   556 AM EDT   SUNSET   808 PM EDT
MAY  4 2015...........SUNRISE   554 AM EDT   SUNSET   809 PM EDT


-  INDICATES NEGATIVE NUMBERS.
R  INDICATES RECORD WAS SET OR TIED.
MM INDICATES DATA IS MISSING.
T  INDICATES TRACE AMOUNT.




$$
