000
CDUS44 KBMX 202135
CLITOI


CLIMATE REPORT
NATIONAL WEATHER SERVICE BIRMINGHAM, AL
434 PM CDT MON APR 20 2015


...................................

...THE TROY CLIMATE SUMMARY FOR APRIL 20 2015...
VALID AS OF 0400 PM LOCAL TIME.

CLIMATE NORMAL PERIOD 1981 TO 2010
CLIMATE RECORD PERIOD 9999 TO 9999


WEATHER ITEM   OBSERVED TIME   RECORD YEAR NORMAL DEPARTURE LAST
                VALUE   (LST)  VALUE       VALUE  FROM      YEAR
                                                  NORMAL
..................................................................
TEMPERATURE (F)
 TODAY
  MAXIMUM         80    216 PM  MM      MM  78      2       72
  MINIMUM         65    510 AM  MM      MM  51     14       52
  AVERAGE         73                        64      9       62

PRECIPITATION (IN)
  TODAY            0.00                      0.14  -0.14     0.00
  MONTH TO DATE    6.05                      3.07   2.98     8.80
  SINCE MAR 1      8.63                      9.10  -0.47    14.49
  SINCE JAN 1     15.54                     18.23  -2.69    23.55

SNOWFALL (IN)
  TODAY            0.0                      MM     MM        0.0
  MONTH TO DATE    0.0                      MM     MM        0.0
  SINCE MAR 1      0.0                      MM     MM        0.0
  SINCE JUL 1      0.0                      MM     MM        0.3
  SNOW DEPTH       0

DEGREE DAYS
 HEATING
  TODAY            0                         3     -3        3
  MONTH TO DATE   13                        92    -79       81
  SINCE MAR 1    159                       374   -215      378
  SINCE JUL 1   2160                      2293   -133     2318

 COOLING
  TODAY            8                         2      6        0
  MONTH TO DATE  118                        31     87       23
  SINCE MAR 1    178                        45    133       24
  SINCE JAN 1    180                        50    130       35
..................................................................


WIND (MPH)
  HIGHEST WIND SPEED    21   HIGHEST WIND DIRECTION     S (200)
  HIGHEST GUST SPEED    26   HIGHEST GUST DIRECTION     S (200)
  AVERAGE WIND SPEED     8.3


SKY COVER
  AVERAGE SKY COVER 0.6


WEATHER CONDITIONS
 THE FOLLOWING WEATHER WAS RECORDED TODAY.
  FOG


RELATIVE HUMIDITY (PERCENT)
 HIGHEST   100           500 AM
 LOWEST     48           300 PM
 AVERAGE    74

..........................................................


THE TROY CLIMATE NORMALS FOR TOMORROW
                         NORMAL    RECORD    YEAR
 MAXIMUM TEMPERATURE (F)   78        MM        MM
 MINIMUM TEMPERATURE (F)   51        MM        MM


SUNRISE AND SUNSET
APRIL 20 2015.........SUNRISE   610 AM CDT   SUNSET   716 PM CDT
APRIL 21 2015.........SUNRISE   609 AM CDT   SUNSET   717 PM CDT


-  INDICATES NEGATIVE NUMBERS.
R  INDICATES RECORD WAS SET OR TIED.
MM INDICATES DATA IS MISSING.
T  INDICATES TRACE AMOUNT.




$$
