000
CDUS45 KCYS 252140
CLITOR


CLIMATE REPORT
NATIONAL WEATHER SERVICE CHEYENNE WY
340 PM MDT SAT APR 25 2015


...................................

...THE TORRINGTON WY AIRPORT CLIMATE SUMMARY FOR APRIL 25 2015...
VALID AS OF 0300 PM LOCAL TIME.

CLIMATE NORMAL PERIOD 1981 TO 2010
CLIMATE RECORD PERIOD 1998 TO 2015


WEATHER ITEM   OBSERVED TIME   RECORD YEAR NORMAL DEPARTURE LAST
                VALUE   (LST)  VALUE       VALUE  FROM      YEAR
                                                  NORMAL
..................................................................
TEMPERATURE (F)
 TODAY
  MAXIMUM         69    148 PM  83    2012  65      4       74
  MINIMUM         38    527 AM  20    2002  35      3       37
  AVERAGE         54                        50      4       56

PRECIPITATION (IN)
  TODAY            0.00          0.12 2009   0.07  -0.07     0.00
  MONTH TO DATE    2.28                      1.32   0.96     0.53
  SINCE JAN 1      3.19                      2.67   0.52     2.13

DEGREE DAYS
 HEATING
  TODAY           11                        15     -4        9
  MONTH TO DATE  426                       475    -49      444
  SINCE MAR 1   1072                      1315   -243     1295
  SINCE JUL 1   5786                      6159   -373     6410

 COOLING
  TODAY            0                         0      0        0
  MONTH TO DATE    0                         0      0        0
  SINCE MAR 1      0                         0      0        0
  SINCE JAN 1      0                         0      0        0
..................................................................


WIND (MPH)
  HIGHEST WIND SPEED    20   HIGHEST WIND DIRECTION     W (290)
  HIGHEST GUST SPEED    26   HIGHEST GUST DIRECTION     W (260)
  AVERAGE WIND SPEED     6.7


SKY COVER
  AVERAGE SKY COVER 0.0


WEATHER CONDITIONS
 THE FOLLOWING WEATHER WAS RECORDED TODAY.
  NO SIGNIFICANT WEATHER WAS OBSERVED.


RELATIVE HUMIDITY (PERCENT)
 HIGHEST    93           200 AM
 LOWEST     26           200 PM
 AVERAGE    60

..........................................................


THE TORRINGTON WY AIRPORT CLIMATE NORMALS FOR TOMORROW
                         NORMAL    RECORD    YEAR
 MAXIMUM TEMPERATURE (F)   65        86      2012
 MINIMUM TEMPERATURE (F)   36        26      2006


SUNRISE AND SUNSET
APRIL 25 2015.........SUNRISE   601 AM MDT   SUNSET   749 PM MDT
APRIL 26 2015.........SUNRISE   600 AM MDT   SUNSET   750 PM MDT


-  INDICATES NEGATIVE NUMBERS.
R  INDICATES RECORD WAS SET OR TIED.
MM INDICATES DATA IS MISSING.
T  INDICATES TRACE AMOUNT.




$$
