000
CDUS46 KPQR 051145
CLITTD


CLIMATE REPORT
NATIONAL WEATHER SERVICE PORTLAND OREGON
444 AM PDT TUE MAY 5 2015


...................................

...THE TROUTDALE OR CLIMATE SUMMARY FOR MAY 4 2015...

CLIMATE NORMAL PERIOD 1981 TO 2010
CLIMATE RECORD PERIOD 1948 TO 2015


WEATHER ITEM   OBSERVED TIME   RECORD YEAR NORMAL DEPARTURE LAST
                VALUE   (LST)  VALUE       VALUE  FROM      YEAR
                                                  NORMAL
..................................................................
TEMPERATURE (F)
 YESTERDAY
  MAXIMUM         65    314 PM  91    1992  66     -1       61
  MINIMUM         45    532 AM  33    1962  44      1       50
  AVERAGE         55                        55      0       56

PRECIPITATION (IN)
  YESTERDAY        0.00                      0.10  -0.10     0.29
  MONTH TO DATE    0.00                      0.40  -0.40     0.38
  SINCE OCT 1     27.52                     38.56 -11.04    22.87
  SINCE JAN 1     12.56                     20.16  -7.60    15.28

DEGREE DAYS
 HEATING
  YESTERDAY       10                        11     -1        9
  MONTH TO DATE   28                        44    -16       20

 COOLING
  YESTERDAY        0                         0      0        0
  MONTH TO DATE    0                         0      0        9
..................................................................


WIND (MPH)
  HIGHEST WIND SPEED    16   HIGHEST WIND DIRECTION     W (250)
  HIGHEST GUST SPEED    22   HIGHEST GUST DIRECTION    SW (220)
  AVERAGE WIND SPEED     5.2


SKY COVER
  POSSIBLE SUNSHINE  MM
  AVERAGE SKY COVER 0.6


WEATHER CONDITIONS
 THE FOLLOWING WEATHER WAS RECORDED YESTERDAY.
  NO SIGNIFICANT WEATHER WAS OBSERVED.


RELATIVE HUMIDITY (PERCENT)
 HIGHEST    92           400 AM
 LOWEST     44           400 PM
 AVERAGE    68

..........................................................


THE TROUTDALE OR CLIMATE NORMALS FOR TODAY
                         NORMAL    RECORD    YEAR
 MAXIMUM TEMPERATURE (F)   66        90      1992
 MINIMUM TEMPERATURE (F)   44        27      2007


SUNRISE AND SUNSET
MAY  5 2015...........SUNRISE   552 AM PDT   SUNSET   821 PM PDT
MAY  6 2015...........SUNRISE   551 AM PDT   SUNSET   823 PM PDT


-  INDICATES NEGATIVE NUMBERS.
R  INDICATES RECORD WAS SET OR TIED.
MM INDICATES DATA IS MISSING.
T  INDICATES TRACE AMOUNT.




$$
