000
CDUS45 KTWC 280736
CLITUS

CLIMATE REPORT
NATIONAL WEATHER SERVICE TUCSON AZ
1235 AM MST TUE APR 28 2015


...................................

...THE TUCSON AZ CLIMATE SUMMARY FOR APRIL 27 2015...

CLIMATE NORMAL PERIOD 1981 TO 2010
CLIMATE RECORD PERIOD 1895 TO 2015


WEATHER ITEM   OBSERVED TIME   RECORD YEAR NORMAL DEPARTURE LAST
                VALUE   (LST)  VALUE       VALUE  FROM      YEAR
                                                  NORMAL
..................................................................
TEMPERATURE (F)
 YESTERDAY
  MAXIMUM         82    507 PM 101    1992  86     -4       76
  MINIMUM         49    612 AM  36    1920  55     -6       49
  AVERAGE         66                        70     -4       63

PRECIPITATION (IN)
  YESTERDAY        0.00          0.42 1905   0.00   0.00     0.00
  MONTH TO DATE    0.16                      0.29  -0.13     0.02
  SINCE OCT 1      7.11                      5.21   1.90     3.66
  SINCE JAN 1      3.61                      2.82   0.79     0.61

DEGREE DAYS
 HEATING
  YESTERDAY        0                         1     -1        2
  MONTH TO DATE   13                        57    -44       24
  SINCE MAR 1     60                       236   -176       66
  SINCE JUL 1    902                      1503   -601      899

 COOLING
  YESTERDAY        1                         6     -5        0
  MONTH TO DATE  108                       101      7      150
  SINCE MAR 1    201                       130     71      180
  SINCE JAN 1    209                       134     75      204
..................................................................


WIND (MPH)
  HIGHEST WIND SPEED    12   HIGHEST WIND DIRECTION    NW (320)
  HIGHEST GUST SPEED    17   HIGHEST GUST DIRECTION    NW (330)
  AVERAGE WIND SPEED     4.6


SKY COVER
  POSSIBLE SUNSHINE  MM
  AVERAGE SKY COVER 0.0


WEATHER CONDITIONS
 THE FOLLOWING WEATHER WAS RECORDED YESTERDAY.
  NO SIGNIFICANT WEATHER WAS OBSERVED.


RELATIVE HUMIDITY (PERCENT)
 HIGHEST    59
 LOWEST     18
 AVERAGE    39

..........................................................


THE TUCSON AZ CLIMATE NORMALS FOR TODAY
                         NORMAL    RECORD    YEAR
 MAXIMUM TEMPERATURE (F)   86       101      1992
 MINIMUM TEMPERATURE (F)   55        38      1932
                                             1919


SUNRISE AND SUNSET
APRIL 28 2015.........SUNRISE   541 AM MST   SUNSET   702 PM MST
APRIL 29 2015.........SUNRISE   540 AM MST   SUNSET   703 PM MST


-  INDICATES NEGATIVE NUMBERS.
R  INDICATES RECORD WAS SET OR TIED.
MM INDICATES DATA IS MISSING.
T  INDICATES TRACE AMOUNT.




$$
