000
CDUS44 KSHV 030733
CLITYR


CLIMATE REPORT
NATIONAL WEATHER SERVICE SHREVEPORT, LA
233 AM CDT SUN MAY 3 2015


...................................

...THE TYLER CLIMATE SUMMARY FOR MAY 2 2015...

CLIMATE NORMAL PERIOD 1981 TO 2010
CLIMATE RECORD PERIOD 1896 TO 2015


WEATHER ITEM   OBSERVED TIME   RECORD YEAR NORMAL DEPARTURE LAST
                VALUE   (LST)  VALUE       VALUE  FROM      YEAR
                                                  NORMAL
..................................................................
TEMPERATURE (F)
 YESTERDAY
  MAXIMUM         82    427 PM  93    1943  79      3       81
  MINIMUM         60    609 AM  40    1976  59      1       45
  AVERAGE         71                        69      2       63

PRECIPITATION (IN)
  YESTERDAY        0.00          5.78 1944   0.16  -0.16     0.00
  MONTH TO DATE    0.00                      0.31  -0.31     0.00
  SINCE DEC 1     24.50                     18.71   5.79    11.79
  SINCE JAN 1     23.03                     14.47   8.56     8.77

SNOWFALL (IN)
  YESTERDAY        0.0
  MONTH TO DATE    0.0
  SINCE MAR 1      0.5
  SINCE JUL 1      2.1
  SNOW DEPTH       0

DEGREE DAYS
 HEATING
  YESTERDAY        0                         1     -1        2
  MONTH TO DATE    0                         2     -2       10
  SINCE MAR 1    307                       372    -65      464
  SINCE JUL 1   2194                      2264    -70     2528

 COOLING
  YESTERDAY        6                         5      1        0
  MONTH TO DATE   11                        10      1        0
  SINCE MAR 1    184                       110     74      129
  SINCE JAN 1    184                       122     62      132
..................................................................


WIND (MPH)
  HIGHEST WIND SPEED    13   HIGHEST WIND DIRECTION    SW (220)
  HIGHEST GUST SPEED    15   HIGHEST GUST DIRECTION    SW (220)
  AVERAGE WIND SPEED     5.7


SKY COVER
  POSSIBLE SUNSHINE  MM
  AVERAGE SKY COVER 0.1


WEATHER CONDITIONS
 THE FOLLOWING WEATHER WAS RECORDED YESTERDAY.
  NO SIGNIFICANT WEATHER WAS OBSERVED.


RELATIVE HUMIDITY (PERCENT)
 HIGHEST    78           300 AM
 LOWEST     33           100 PM
 AVERAGE    56

..........................................................


THE TYLER CLIMATE NORMALS FOR TODAY
                         NORMAL    RECORD    YEAR
 MAXIMUM TEMPERATURE (F)   80        93      1943
 MINIMUM TEMPERATURE (F)   60        41      2013


SUNRISE AND SUNSET
MAY  3 2015...........SUNRISE   633 AM CDT   SUNSET   804 PM CDT
MAY  4 2015...........SUNRISE   632 AM CDT   SUNSET   805 PM CDT


-  INDICATES NEGATIVE NUMBERS.
R  INDICATES RECORD WAS SET OR TIED.
MM INDICATES DATA IS MISSING.
T  INDICATES TRACE AMOUNT.




$$
