000
CDUS46 KEKA 280017
CLIUKI


CLIMATE REPORT
NATIONAL WEATHER SERVICE EUREKA CA
511 PM PDT MON APR 27 2015


...................................

...THE UKIAH CA CLIMATE SUMMARY FOR APRIL 27 2015...
VALID TODAY AS OF 0500 PM LOCAL TIME.

CLIMATE NORMAL PERIOD 1981 TO 2010
CLIMATE RECORD PERIOD 1903 TO 2015


WEATHER ITEM   OBSERVED RECORD YEAR NORMAL DEPARTURE LAST
                VALUE   VALUE       VALUE  FROM      YEAR
                                           NORMAL
...........................................................
TEMPERATURE (F)
 TODAY
  MAXIMUM         89     92    1987  72     17       65
  MINIMUM         46     30    1955  44      2       46
  AVERAGE         68                 58     10       56

PRECIPITATION (IN)
  TODAY            0.00   2.02 1953   0.07  -0.07     0.09
  MONTH TO DATE    1.93               2.36  -0.43     1.37
  SINCE OCT 1     25.44              34.81  -9.37    17.97
  SINCE JAN 1      7.67              21.43 -13.76    16.63

SNOWFALL (IN)
  TODAY            0.0   MM          MM     MM       MM
  MONTH TO DATE    0.0               MM     MM        0.0
  SINCE MAR 1      0.0               MM     MM        0.0
  SINCE JUL 1      0.0               MM     MM        0.0
  SNOW DEPTH       0

...........................................................


WIND (MPH)
  HIGHEST WIND SPEED    12   HIGHEST WIND DIRECTION    NW (320)
  HIGHEST GUST SPEED    15   HIGHEST GUST DIRECTION    NW (330)
  AVERAGE WIND SPEED     1.6


SKY COVER
  AVERAGE SKY COVER 0.0


WEATHER CONDITIONS
 THE FOLLOWING WEATHER WAS RECORDED TODAY.
  NO SIGNIFICANT WEATHER WAS OBSERVED.


RELATIVE HUMIDITY (PERCENT)
 HIGHEST    93
 LOWEST     24
 AVERAGE    59

..........................................................


THE UKIAH CA CLIMATE NORMALS FOR TOMORROW
                         NORMAL    RECORD    YEAR
 MAXIMUM TEMPERATURE (F)   72        93      1981
 MINIMUM TEMPERATURE (F)   44        29      1913


SUNRISE AND SUNSET
APRIL 27 2015.........SUNRISE   620 AM PDT   SUNSET   802 PM PDT
APRIL 28 2015.........SUNRISE   618 AM PDT   SUNSET   803 PM PDT


-  INDICATES NEGATIVE NUMBERS.
R  INDICATES RECORD WAS SET OR TIED.
MM INDICATES DATA IS MISSING.
T  INDICATES TRACE AMOUNT.




$$
