000
CDUS43 KUNR 010836
CLIUNR


CLIMATE REPORT
NATIONAL WEATHER SERVICE RAPID CITY SD
233 AM MDT WED APR 1 2015


...................................

...THE EAST RAPID CITY SD CLIMATE SUMMARY FOR MARCH 31 2015...

CLIMATE NORMAL PERIOD 1981 TO 2010
CLIMATE RECORD PERIOD 1888 TO 2015


WEATHER ITEM   OBSERVED RECORD YEAR NORMAL DEPARTURE LAST
                VALUE   VALUE       VALUE  FROM      YEAR
                                           NORMAL
...........................................................
TEMPERATURE (F)
 YESTERDAY
  MAXIMUM         79     83    2012  51     28       36
  MINIMUM         46     -6    1899  29     17       17
  AVERAGE         63                 40     23       27

PRECIPITATION (IN)
  YESTERDAY        0.00   1.98 1927   0.04  -0.04     0.13
  MONTH TO DATE    0.10               0.99  -0.89     1.13
  SINCE MAR 1      0.10               0.99  -0.89     1.13
  SINCE JAN 1      0.65               1.76  -1.11     1.64

SNOWFALL (IN)
  YESTERDAY        0.0   15.3  1927   0.4   -0.4      1.5
  MONTH TO DATE    1.4               11.8  -10.4     14.4
  SINCE MAR 1      1.4               11.8  -10.4     14.4
  SINCE JUL 1     37.1               38.5   -1.4     64.5
  SNOW DEPTH       0

DEGREE DAYS
 HEATING
  YESTERDAY        2                 25    -23       38
  MONTH TO DATE  625                908   -283     1020
  SINCE MAR 1    625                908   -283     1020
  SINCE JUL 1   5321               5862   -541     6368

 COOLING
  YESTERDAY        0                  0      0        0
  MONTH TO DATE    6                  0      6        0
  SINCE MAR 1      6                  0      6        0
  SINCE JAN 1      6                  0      6        0
...........................................................


WIND (MPH)
  HIGHEST GUST SPEED    26   HIGHEST GUST DIRECTION    SE (150)



WEATHER CONDITIONS
 THE FOLLOWING WEATHER WAS RECORDED YESTERDAY.
  NO SIGNIFICANT WEATHER WAS OBSERVED.


..........................................................


THE EAST RAPID CITY SD CLIMATE NORMALS FOR TODAY
                         NORMAL    RECORD    YEAR
 MAXIMUM TEMPERATURE (F)   51        86      2012
 MINIMUM TEMPERATURE (F)   29        -2      1899


SUNRISE AND SUNSET
APRIL  1 2015.........SUNRISE   635 AM MDT   SUNSET   720 PM MDT
APRIL  2 2015.........SUNRISE   633 AM MDT   SUNSET   721 PM MDT


-  INDICATES NEGATIVE NUMBERS.
R  INDICATES RECORD WAS SET OR TIED.
MM INDICATES DATA IS MISSING.
T  INDICATES TRACE AMOUNT.




$$
