000
CDUS43 KUNR 190832
CLIUNR


CLIMATE REPORT
NATIONAL WEATHER SERVICE RAPID CITY SD
232 AM MDT SUN APR 19 2015


...................................

...THE EAST RAPID CITY SD CLIMATE SUMMARY FOR APRIL 18 2015...

CLIMATE NORMAL PERIOD 1981 TO 2010
CLIMATE RECORD PERIOD 1888 TO 2015


WEATHER ITEM   OBSERVED RECORD YEAR NORMAL DEPARTURE LAST
                VALUE   VALUE       VALUE  FROM      YEAR
                                           NORMAL
...........................................................
TEMPERATURE (F)
 YESTERDAY
  MAXIMUM         51     84    1923  57     -6       78
  MINIMUM         44     16    1953  35      9       33
  AVERAGE         48                 46      2       56

PRECIPITATION (IN)
  YESTERDAY        0.31   1.90 1903   0.08   0.23     0.00
  MONTH TO DATE    0.51               1.07  -0.56     0.68
  SINCE MAR 1      0.61               2.06  -1.45     1.81
  SINCE JAN 1      1.16               2.83  -1.67     2.32

SNOWFALL (IN)
  YESTERDAY        0.0   20.0  1970   0.3   -0.3      0.0
  MONTH TO DATE    T                  6.2   -6.2      7.8
  SINCE MAR 1      1.4               18.0  -16.6     22.2
  SINCE JUL 1     37.1               44.7   -7.6     72.3
  SNOW DEPTH       0

DEGREE DAYS
 HEATING
  YESTERDAY       17                 19     -2        9
  MONTH TO DATE  319                401    -82      422
  SINCE MAR 1    944               1309   -365     1442
  SINCE JUL 1   5640               6263   -623     6790

 COOLING
  YESTERDAY        0                  0      0        0
  MONTH TO DATE    0                  0      0        0
  SINCE MAR 1      6                  0      6        0
  SINCE JAN 1      6                  0      6        0
...........................................................


WIND (MPH)
  HIGHEST GUST SPEED    49   HIGHEST GUST DIRECTION    NW (330)



WEATHER CONDITIONS
 THE FOLLOWING WEATHER WAS RECORDED YESTERDAY.
  LIGHT RAIN


..........................................................


THE EAST RAPID CITY SD CLIMATE NORMALS FOR TODAY
                         NORMAL    RECORD    YEAR
 MAXIMUM TEMPERATURE (F)   57        85      1936
 MINIMUM TEMPERATURE (F)   35        18      1966


SUNRISE AND SUNSET
APRIL 19 2015.........SUNRISE   603 AM MDT   SUNSET   742 PM MDT
APRIL 20 2015.........SUNRISE   602 AM MDT   SUNSET   743 PM MDT


-  INDICATES NEGATIVE NUMBERS.
R  INDICATES RECORD WAS SET OR TIED.
MM INDICATES DATA IS MISSING.
T  INDICATES TRACE AMOUNT.




$$
