000
CDUS43 KLOT 210651
CLIVPZ


CLIMATE REPORT
NATIONAL WEATHER SERVICE CHICAGO IL
151 AM CDT TUE APR 21 2015


...................................

...THE VALPARAISO CLIMATE SUMMARY FOR APRIL 20 2015...

CLIMATE NORMAL PERIOD 1981 TO 2010
CLIMATE RECORD PERIOD 1998 TO 2015


WEATHER ITEM   OBSERVED TIME   RECORD YEAR NORMAL DEPARTURE LAST
                VALUE   (LST)  VALUE       VALUE  FROM      YEAR
                                                  NORMAL
..................................................................
TEMPERATURE (F)
 YESTERDAY
  MAXIMUM         55    550 AM  76    2014  62     -7       76
                                      2006
  MINIMUM         41   1140 PM  29    2013  40      1       35
  AVERAGE         48                        51     -3       56

PRECIPITATION (IN)
  YESTERDAY        T             1.04 2000   0.10  -0.10     0.00
  MONTH TO DATE    1.42                      2.23  -0.81     1.71
  SINCE MAR 1      2.04                      4.71  -2.67     2.50
  SINCE JAN 1      3.65                      7.88  -4.23     5.13

DEGREE DAYS
 HEATING
  YESTERDAY       17                        14      3        9
  MONTH TO DATE  237                       356   -119      387
  SINCE MAR 1   1200                      1201     -1     1387
  SINCE JUL 1   6458                      5933    525     6836

 COOLING
  YESTERDAY        0                         0      0        0
  MONTH TO DATE    0                         0      0        0
  SINCE MAR 1      0                         0      0        0
  SINCE JAN 1      0                         0      0        0
..................................................................


WIND (MPH)
  RESULTANT WIND SPEED  19   RESULTANT WIND DIRECTION   W (250)
  HIGHEST WIND SPEED    31   HIGHEST WIND DIRECTION     W (260)
  HIGHEST GUST SPEED    40   HIGHEST GUST DIRECTION     W (280)
  AVERAGE WIND SPEED    19.1



WEATHER CONDITIONS
 THE FOLLOWING WEATHER WAS RECORDED YESTERDAY.
  LIGHT RAIN
  FOG


..........................................................


THE VALPARAISO CLIMATE NORMALS FOR TODAY
                         NORMAL    RECORD    YEAR
 MAXIMUM TEMPERATURE (F)   62        76      2014
 MINIMUM TEMPERATURE (F)   40        27      2013


SUNRISE AND SUNSET
APRIL 21 2015.........SUNRISE   600 AM CDT   SUNSET   735 PM CDT
APRIL 22 2015.........SUNRISE   558 AM CDT   SUNSET   736 PM CDT


-  INDICATES NEGATIVE NUMBERS.
R  INDICATES RECORD WAS SET OR TIED.
MM INDICATES DATA IS MISSING.
T  INDICATES TRACE AMOUNT.




$$
