000
CDUS42 KMLB 010626
CLIVRB


CLIMATE REPORT
NATIONAL WEATHER SERVICE MELBOURNE FL
226 AM EDT WED APR 1 2015


...................................

...THE VERO BEACH CLIMATE SUMMARY FOR MARCH 31 2015...

CLIMATE NORMAL PERIOD 1981 TO 2010
CLIMATE RECORD PERIOD 1942 TO 2015


WEATHER ITEM   OBSERVED TIME   RECORD YEAR NORMAL DEPARTURE LAST
                VALUE   (LST)  VALUE       VALUE  FROM      YEAR
                                                  NORMAL
..................................................................
TEMPERATURE (F)
 YESTERDAY
  MAXIMUM         79    401 PM  90    1975  79      0       75
                                      1954
  MINIMUM         52    612 AM  44    1971  59     -7       50
                                      1964
  AVERAGE         66                        69     -3       63

PRECIPITATION (IN)
  YESTERDAY        0.00          1.63 2009   0.14  -0.14     0.00
  MONTH TO DATE    2.38                      4.12  -1.74     1.95
  SINCE MAR 1      2.38                      4.12  -1.74     1.95
  SINCE JAN 1      6.01                      9.29  -3.28     8.50

SNOWFALL (IN)
  YESTERDAY        0.0
  MONTH TO DATE    0.0
  SINCE JUL 1      0.0

DEGREE DAYS
 HEATING
  YESTERDAY        0                         1     -1        2
  MONTH TO DATE   12                        55    -43       28
  SINCE MAR 1     12                        55    -43       28
  SINCE JUL 1    384                       440    -56      263

 COOLING
  YESTERDAY        1                         5     -4        0
  MONTH TO DATE  243                       129    114      120
  SINCE MAR 1    243                       129    114      120
  SINCE JAN 1    368                       268    100      328
..................................................................


WIND (MPH)
  HIGHEST WIND SPEED    14   HIGHEST WIND DIRECTION    SE (140)
  HIGHEST GUST SPEED    17   HIGHEST GUST DIRECTION     W (290)
  AVERAGE WIND SPEED     6.6


SKY COVER
  AVERAGE SKY COVER 0.2


WEATHER CONDITIONS
 THE FOLLOWING WEATHER WAS RECORDED YESTERDAY.
  NO SIGNIFICANT WEATHER WAS OBSERVED.


RELATIVE HUMIDITY (PERCENT)
 HIGHEST    93           300 AM
 LOWEST     54           100 PM
 AVERAGE    74

..........................................................


THE VERO BEACH CLIMATE NORMALS FOR TODAY
                         NORMAL    RECORD    YEAR
 MAXIMUM TEMPERATURE (F)   79        92      1948
 MINIMUM TEMPERATURE (F)   59        40      1987


SUNRISE AND SUNSET
APRIL  1 2015.........SUNRISE   712 AM EDT   SUNSET   739 PM EDT
APRIL  2 2015.........SUNRISE   711 AM EDT   SUNSET   740 PM EDT


-  INDICATES NEGATIVE NUMBERS.
R  INDICATES RECORD WAS SET OR TIED.
MM INDICATES DATA IS MISSING.
T  INDICATES TRACE AMOUNT.




$$
