000
CDUS43 KLBF 272218
CLIVTN

CLIMATE REPORT
NATIONAL WEATHER SERVICE NORTH PLATTE
516 PM CDT MON APR 27 2015


...................................

...THE VALENTINE NE CLIMATE SUMMARY FOR APRIL 27 2015...
VALID TODAY AS OF 0500 PM LOCAL TIME.

CLIMATE NORMAL PERIOD 1981 TO 2010
CLIMATE RECORD PERIOD 1885 TO 2015


WEATHER ITEM   OBSERVED TIME   RECORD YEAR NORMAL DEPARTURE LAST
                VALUE   (LST)  VALUE       VALUE  FROM      YEAR
                                                  NORMAL
..................................................................
TEMPERATURE (F)
 TODAY
  MAXIMUM         69    357 PM  89    1952  65      4       71
  MINIMUM         30    556 AM  21    1950  37     -7       38
  AVERAGE         50                        51     -1       55

PRECIPITATION (IN)
  TODAY            0.00          2.12 2014   0.09  -0.09     2.12
  MONTH TO DATE    1.60                      1.94  -0.34     2.63
  SINCE MAR 1      1.63                      3.01  -1.38     3.12
  SINCE JAN 1      2.25                      3.75  -1.50     3.78

SNOWFALL (IN)
  TODAY            0.0           5.1  1960   0.1   -0.1      0.0
  MONTH TO DATE    0.3                       4.4   -4.1      3.3
  SINCE MAR 1      0.8                      10.9  -10.1      8.3
  SINCE JUL 1     22.5                      33.0  -10.5     34.8
  SNOW DEPTH       0

DEGREE DAYS
 HEATING
  TODAY           15                        14      1       10
  MONTH TO DATE  422                       514    -92      448
  SINCE MAR 1   1109                      1407   -298     1417
  SINCE JUL 1   6235                      6643   -408     6895

 COOLING
  TODAY            0                         0      0        0
  MONTH TO DATE    0                         0      0        0
  SINCE MAR 1      2                         0      2        0
  SINCE JAN 1      2                         0      2        0
..................................................................


WIND (MPH)
  HIGHEST WIND SPEED    15   HIGHEST WIND DIRECTION     N (20)
  HIGHEST GUST SPEED    18   HIGHEST GUST DIRECTION     N (340)
  AVERAGE WIND SPEED     5.1


SKY COVER
  POSSIBLE SUNSHINE  MM
  AVERAGE SKY COVER 0.1


WEATHER CONDITIONS
 THE FOLLOWING WEATHER WAS RECORDED TODAY.
  NO SIGNIFICANT WEATHER WAS OBSERVED.


RELATIVE HUMIDITY (PERCENT)
 HIGHEST    92           600 AM
 LOWEST     25           400 PM
 AVERAGE    59

..........................................................


THE VALENTINE NE CLIMATE NORMALS FOR TOMORROW
                         NORMAL    RECORD    YEAR
 MAXIMUM TEMPERATURE (F)   65        94      1910
 MINIMUM TEMPERATURE (F)   38        20      2008
                                             1961


SUNRISE AND SUNSET
APRIL 27 2015.........SUNRISE   642 AM CDT   SUNSET   838 PM CDT
APRIL 28 2015.........SUNRISE   641 AM CDT   SUNSET   839 PM CDT


-  INDICATES NEGATIVE NUMBERS.
R  INDICATES RECORD WAS SET OR TIED.
MM INDICATES DATA IS MISSING.
T  INDICATES TRACE AMOUNT.

$$
