000
CDUS46 KLOX 270902
CLIWJF


CLIMATE REPORT
NATIONAL WEATHER SERVICE LOS ANGELES/OXNARD CA
202 AM PDT MON APR 27 2015


...................................

...THE LANCASTER FOX FIELD CA CLIMATE SUMMARY FOR APRIL 26 2015...

CLIMATE NORMAL PERIOD 1981 TO 2010
CLIMATE RECORD PERIOD 1948 TO 2015


WEATHER ITEM   OBSERVED TIME   RECORD YEAR NORMAL DEPARTURE
                VALUE   (LST)  VALUE       VALUE  FROM
                                                  NORMAL
...............................................................
TEMPERATURE (F)
 YESTERDAY
  MAXIMUM         72    144 PM  94    1996  76     -4
  MINIMUM         46    531 AM  33    1952  48     -2
  AVERAGE         59                        62     -3

PRECIPITATION (IN)
  YESTERDAY        0.00          0.30 1963   0.01  -0.01
  MONTH TO DATE    0.01                      0.32  -0.31
  SINCE OCT 1      4.33                      6.87  -2.54
  SINCE JAN 1      1.41                      4.74  -3.33

SNOWFALL (IN)
  YESTERDAY        0.0           0.0    MM
  MONTH TO DATE    0.0
  SINCE MAR 1      0.0
  SINCE JUL 1      0.0
  SNOW DEPTH       0

DEGREE DAYS
 HEATING
  YESTERDAY        6                                1
  MONTH TO DATE  177                              -14
  SINCE MAR 1    395                             -164
  SINCE JUL 1   2264                             -588

 COOLING
  YESTERDAY        0                               -2
  MONTH TO DATE    8                              -11
  SINCE MAR 1     14                               -7
  SINCE JAN 1     14                               -7
...............................................................


WIND (MPH)
  HIGHEST WIND SPEED    28   HIGHEST WIND DIRECTION     W (270)
  HIGHEST GUST SPEED    35   HIGHEST GUST DIRECTION     W (260)
  AVERAGE WIND SPEED    16.0




RELATIVE HUMIDITY (PERCENT)
 HIGHEST    65
 LOWEST     25
 AVERAGE    45

..........................................................


THE LANCASTER FOX FIELD CA CLIMATE NORMALS FOR TODAY
                         NORMAL    RECORD    YEAR
 MAXIMUM TEMPERATURE (F)   76        95      2004
 MINIMUM TEMPERATURE (F)   48        32      1971


SUNRISE AND SUNSET
APRIL 27 2015.........SUNRISE   607 AM PDT   SUNSET   735 PM PDT
APRIL 28 2015.........SUNRISE   606 AM PDT   SUNSET   735 PM PDT


-  INDICATES NEGATIVE NUMBERS.
R  INDICATES RECORD WAS SET OR TIED.
MM INDICATES DATA IS MISSING.
T  INDICATES TRACE AMOUNT.




$$
