000
CDUS45 KRIW 070033
CLIWRL


CLIMATE REPORT
NATIONAL WEATHER SERVICE RIVERTON WY
632 PM MDT WED MAY 6 2015


...................................

...THE WORLAND WY CLIMATE SUMMARY FOR MAY 6 2015...
VALID TODAY AS OF 0500 PM LOCAL TIME.

CLIMATE NORMAL PERIOD 1981 TO 2010
CLIMATE RECORD PERIOD 1947 TO 2015


WEATHER ITEM   OBSERVED TIME   RECORD YEAR NORMAL DEPARTURE LAST
                VALUE   (LST)  VALUE       VALUE  FROM      YEAR
                                                  NORMAL
..................................................................
TEMPERATURE (F)
 TODAY
  MAXIMUM         MM        MM  95    1966  67     MM       64
  MINIMUM         52        MM  26    1982  38     14       41
  AVERAGE         MM                        52     MM       53

PRECIPITATION (IN)
  TODAY            0.10          1.44 1975   0.04   0.06     0.14
  MONTH TO DATE    0.10                      0.25  -0.15     0.14
  SINCE MAR 1      0.45                      1.57  -1.12     0.83
  SINCE JAN 1      1.22                      1.99  -0.77     1.21

DEGREE DAYS
 HEATING
  TODAY           MM                        13     MM       12
  MONTH TO DATE   33                        83    -50       62
  SINCE MAR 1   1298                      1549   -251     1584
  SINCE JUL 1   7207                      7550   -343     7964

 COOLING
  TODAY           MM                         0     MM        0
  MONTH TO DATE    0                         0      0        0
  SINCE MAR 1      0                         1     -1        0
  SINCE JAN 1      0                         1     -1        0
..................................................................


WIND (MPH)
  HIGHEST WIND SPEED    13   HIGHEST WIND DIRECTION    NW (330)
  HIGHEST GUST SPEED    33   HIGHEST GUST DIRECTION     N (340)
  AVERAGE WIND SPEED     7.9


SKY COVER
  POSSIBLE SUNSHINE  MM
  AVERAGE SKY COVER 0.9


WEATHER CONDITIONS
 THE FOLLOWING WEATHER WAS RECORDED TODAY.
  LIGHT RAIN


RELATIVE HUMIDITY (PERCENT)
 HIGHEST    83           500 AM
 LOWEST     68           400 PM
 AVERAGE    76

..........................................................


THE WORLAND WY CLIMATE NORMALS FOR TOMORROW
                         NORMAL    RECORD    YEAR
 MAXIMUM TEMPERATURE (F)   67        88      1992
 MINIMUM TEMPERATURE (F)   38        26      1968


SUNRISE AND SUNSET
MAY  6 2015...........SUNRISE   557 AM MDT   SUNSET   821 PM MDT
MAY  7 2015...........SUNRISE   556 AM MDT   SUNSET   822 PM MDT


-  INDICATES NEGATIVE NUMBERS.
R  INDICATES RECORD WAS SET OR TIED.
MM INDICATES DATA IS MISSING.
T  INDICATES TRACE AMOUNT.




$$
