000
CXUS51 KPHI 011133
CLMACY


CLIMATE REPORT
NATIONAL WEATHER SERVICE MOUNT HOLLY NJ
732 AM EDT WED APR 1 2015

...................................

...THE ATLANTIC CITY CLIMATE SUMMARY FOR THE MONTH OF MARCH 2015...

CLIMATE NORMAL PERIOD 1981 TO 2010
CLIMATE RECORD PERIOD 1874 TO 2015

WEATHER         OBSERVED          NORMAL  DEPART  LAST YEAR`S
                 VALUE   DATE(S)  VALUE   FROM    VALUE  DATE(S)
                                          NORMAL
................................................................
TEMPERATURE (F)
RECORD
 HIGH              87   03/30/1998
                        03/29/1945
 LOW                2   03/03/2014
HIGHEST            70   03/17        73      -3       69  03/11
LOWEST              8   03/07        15      -7        2  03/03
                        03/06
AVG. MAXIMUM     48.7              51.8    -3.1     47.8
AVG. MINIMUM     27.4              32.7    -5.3     26.4
MEAN             38.0              42.2    -4.2     37.1
DAYS MAX >= 90      0               0.0     0.0        0
DAYS MAX <= 32      1               0.4     0.6        4
DAYS MIN <= 32     24              14.8     9.2       23
DAYS MIN <= 0       0               0.0     0.0        0

PRECIPITATION (INCHES)
RECORD
 MAXIMUM         9.25   1994
 MINIMUM         0.37   2006
TOTALS           6.64              4.21    2.43     5.00
DAILY AVG.       0.21              0.14    0.07     0.16
DAYS >= .01        14              10.3     3.7       11
DAYS >= .10         9               6.8     2.2        8
DAYS >= .50         4               3.1     0.9        2
DAYS >= 1.00        2               1.1     0.9        1
GREATEST
 24 HR. TOTAL    2.40   03/05 TO 03/05              2.28

SNOWFALL (INCHES)
RECORDS
 TOTAL             MM   5
 24 HR TOTAL       MM
TOTALS            7.4               1.1     6.3     15.6
SINCE 7/1        22.4              16.2     6.2     43.8
SNOWDEPTH AVG.      0                MM      MM        1
DAYS >= 1.0         1               0.4     0.6        4
GREATEST
 SNOW DEPTH         7   03/06                          4  03/17
                                                          03/04
 24 HR TOTAL      7.0   03/05 TO 03/05               5.5

DEGREE_DAYS
HEATING TOTAL     827               706     121      859
 SINCE 7/1       4702              4297     405     4722
COOLING TOTAL       0                 0       0        0
 SINCE 1/1          0                 0       0        0
.................................................................

WIND (MPH)
AVERAGE WIND SPEED              9.0
HIGHEST WIND SPEED/DIRECTION    32/310    DATE  03/17
HIGHEST GUST SPEED/DIRECTION    45/300    DATE  03/15

SKY COVER
POSSIBLE SUNSHINE (PERCENT)   MM
AVERAGE SKY COVER           0.40
NUMBER OF DAYS FAIR           14
NUMBER OF DAYS PC             11
NUMBER OF DAYS CLOUDY          6

AVERAGE RH (PERCENT)     65

WEATHER CONDITIONS. NUMBER OF DAYS WITH
THUNDERSTORM              0     MIXED PRECIP               0
HEAVY RAIN                1     RAIN                       7
LIGHT RAIN               14     FREEZING RAIN              1
LT FREEZING RAIN          1     HEAVY SNOW                 1
SNOW                      3     LIGHT SNOW                 6
SLEET                     0     FOG                       15
FOG W/VIS <= 1/4 MILE     3     HAZE                       3

-  INDICATES NEGATIVE NUMBERS.
R  INDICATES RECORD WAS SET OR TIED.
MM INDICATES DATA IS MISSING.
T  INDICATES TRACE AMOUNT.

$$
