000
CXUS54 KEWX 011548
CLMATT

SATCLMATT 000
TTAA00 KEWX 011514


CLIMATE REPORT
NATIONAL WEATHER SERVICE AUSTIN/SAN ANTONIO, TX
1048 AM CDT WED APR 1 2015

...................................

...THE AUSTIN CAMP MABRY CLIMATE SUMMARY FOR THE MONTH OF MARCH 2015...

CLIMATE NORMAL PERIOD 1981 TO 2010
CLIMATE RECORD PERIOD 1897 TO 2015

WEATHER         OBSERVED          NORMAL  DEPART  LAST YEAR`S
                 VALUE   DATE(S)  VALUE   FROM    VALUE  DATE(S)
                                          NORMAL
................................................................
TEMPERATURE (F)
HIGHEST            84   03/29                         89  03/28
                        03/28
                        03/25
LOWEST             26   03/06                         24  03/03
AVG. MAXIMUM     69.9              72.2    -2.3     70.6
AVG. MINIMUM     50.5              51.3    -0.8     47.1
MEAN             60.2              61.7    -1.5     58.9
DAYS MAX >= 90      0                                  0
DAYS MAX <= 32      0                                  0
DAYS MIN <= 32      2                                  3
DAYS MIN <= 0       0                                  0

PRECIPITATION (INCHES)
TOTALS           4.83              2.76    2.07     1.27
DAILY AVG.       0.16              0.09    0.07     0.04
DAYS >= .01        13                                  8
DAYS >= .10         7                                  3
DAYS >= .50         2                                  1
DAYS >= 1.00        2                                  0
GREATEST
 24 HR. TOTAL    2.17   03/09 TO 03/09

SNOWFALL (INCHES)
TOTALS              T               0.0     0.0        T
SINCE 7/1           T

DEGREE_DAYS
HEATING TOTAL     203               162      41      226
 SINCE 7/1       1686              1499     187     1722
COOLING TOTAL      62                61       1       43
 SINCE 1/1         73                88     -15       84
.................................................................

WIND (MPH)
AVERAGE WIND SPEED              4.8
HIGHEST WIND SPEED/DIRECTION    21/360    DATE  03/04
HIGHEST GUST SPEED/DIRECTION    36/360    DATE  03/04

SKY COVER
POSSIBLE SUNSHINE (PERCENT)   MM
AVERAGE SKY COVER           0.60
NUMBER OF DAYS FAIR            8
NUMBER OF DAYS PC             10
NUMBER OF DAYS CLOUDY         13

AVERAGE RH (PERCENT)     74

WEATHER CONDITIONS. NUMBER OF DAYS WITH
THUNDERSTORM              0     MIXED PRECIP               0
HEAVY RAIN                5     RAIN                       6
LIGHT RAIN               13     FREEZING RAIN              0
LT FREEZING RAIN          0     HAIL                       0
HEAVY SNOW                0     SNOW                       0
LIGHT SNOW                0     SLEET                      1
FOG                      16     FOG W/VIS <= 1/4 MILE      2
HAZE                      5

-  INDICATES NEGATIVE NUMBERS.
R  INDICATES RECORD WAS SET OR TIED.
MM INDICATES DATA IS MISSING.
T  INDICATES TRACE AMOUNT.

&&

MONTH CLIMATE SUMMARY
MARCH 2015 WAS THE 51ST COOLEST AND 11TH WETTEST
SINCE RECORD KEEPING BEGAN.

SEA LEVEL PRESSURE DATA
HIGHEST SLP 30.66 ON THE 6TH
LOWEST  SLP 29.80 ON THE 4TH


       PRELIMINARY LOCAL CLIMATOLOGICAL DATA (WS FORM: F-6)

                                          STATION:   AUSTIN CAMP MABRY
                                          MONTH:     MARCH
                                          YEAR:      2015
                                          LATITUDE:   30 17 N
                                          LONGITUDE:  97 42 W

  TEMPERATURE IN F:       :PCPN:    SNOW:  WIND      :SUNSHINE: SKY     :PK WND
================================================================================
1   2   3   4   5  6A  6B    7    8   9   10  11  12  13   14  15   16   17  18
                                     12Z  AVG MX 2MIN
DY MAX MIN AVG DEP HDD CDD  WTR  SNW DPTH SPD SPD DIR MIN PSBL S-S WX    SPD DR
================================================================================

 1  43  35  39 -19  26   0 0.09  0.0    0  5.8 10  20   M    M   8 1      16 330
 2  45  38  42 -16  23   0 0.02  0.0    0  3.8 10 360   M    M  10 1      15  10
 3  60  41  51  -7  14   0 0.01  0.0    0  1.2  8 160   M    M  10 12     13 170
 4  70  34  52  -7  13   0 0.15  0.0    0  5.8 21 360   M    M  10 123    36 360
 5  47  31  39 -20  26   0 0.13    T    0 10.2 20 360   M    M   4 134    33 360
 6  57  26  42 -17  23   0 0.00  0.0    0  2.3  8  90   M    M   0        13  30
 7  60  38  49 -11  16   0    T  0.0    0  2.3 10 140   M    M   9        13 140
 8  54  47  51  -9  14   0 0.45  0.0    0  2.6 12 140   M    M  10 1      16 140
 9  55  49  52  -8  13   0 2.17  0.0    0  4.0  8 340   M    M  10 1      13 350
10  63  50  57  -3   8   0 0.00  0.0    0  4.0  9 330   M    M   9        14 320
11  59  54  57  -3   8   0 0.00  0.0    0  5.8 13  30   M    M  10        20  40
12  73  52  63   2   2   0 0.02  0.0    0  5.1 13 360   M    M   6        18 360
13  78  53  66   5   0   1 0.00  0.0    0  3.3 12 290   M    M   5 1      18 300
14  78  53  66   5   0   1 0.00  0.0    0  5.7 15  20   M    M   1        23 340
15  69  51  60  -2   5   0 0.00  0.0    0  3.1 12 360   M    M   3        16  10
16  77  52  65   3   0   0 0.00  0.0    0  2.6 10 140   M    M   8 18     17 150
17  77  63  70   8   0   5 0.01  0.0    0  2.8  9 210   M    M   8 18     16 180
18  81  60  71   9   0   6 0.13  0.0    0  4.3 13 160   M    M   5 1      20 150
19  83  63  73  11   0   8 0.00  0.0    0  4.6 12 150   M    M   6 18     17 160
20  71  57  64   1   1   0 1.17  0.0    0  4.4 15 340   M    M   9 18     22 350
21  61  55  58  -5   7   0 0.43  0.0    0  4.2 10 360   M    M  10 1      17  70
22  78  57  68   5   0   3 0.00  0.0    0  4.3  9 280   M    M   6        15 290
23  80  52  66   2   0   1 0.00  0.0    0  3.0  9 130   M    M   0 1      14 160
24  83  59  71   7   0   6 0.00  0.0    0  7.0 14 170   M    M   1        22 180
25  84  62  73   9   0   8 0.00  0.0    0  7.5 16 160   M    M   4        27 170
26  70  54  62  -2   3   0 0.05  0.0    0 10.1 20 360   M    M   4 1      29 360
27  82  46  64   0   1   0 0.00  0.0    0  3.7 13 290   M    M   0        19 320
28  84  48  66   1   0   1 0.00  0.0    0  5.0 13 180   M    M   0        24 190
29  84  57  71   6   0   6 0.00  0.0    0  8.4 17 200   M    M   0        28 200
30  80  64  72   7   0   7 0.00  0.0    0  5.0 12 150   M    M   7        18 160
31  82  66  74   9   0   9 0.00  0.0    0  7.0 13 150   M    M   7 8      20 220
================================================================================
SM 2168 1567       203  62  4.83    T    148.9          M      180
================================================================================
AV 69.9 50.5                               4.8 FASTST   M    M   6    MAX(MPH)
                                 MISC ---->  # 21 360               # 36  360
================================================================================
NOTES:
# LAST OF SEVERAL OCCURRENCES

COLUMN 17 PEAK WIND IN M.P.H.

SYMBOLS USED IN COLUMN 16

1 = FOG OR MIST
2 = FOG REDUCING VISIBILITY
3 = THUNDER
4 = ICE PELLETS
5 = HAIL
6 = FREEZING RAIN OR DRIZZLE
7 = DUSTSTORM OR SANDSTORM:
8 = SMOKE OR HAZE
9 = BLOWING SNOW
X = TORNADO
$$
