000
CXUS51 KILN 011220
CLMCVG


CLIMATE REPORT
NATIONAL WEATHER SERVICE WILMINGTON OH
817 AM EDT WED APR 1 2015

...................................

...THE CINCINNATI CLIMATE SUMMARY FOR THE MONTH OF MARCH 2015...

CLIMATE NORMAL PERIOD 1981 TO 2010
CLIMATE RECORD PERIOD 1869 TO 2015

WEATHER         OBSERVED          NORMAL  DEPART  LAST YEAR`S
                 VALUE   DATE(S)  VALUE   FROM    VALUE  DATE(S)
                                          NORMAL
................................................................
TEMPERATURE (F)
RECORD
 HIGH              88   03/25/1929
 LOW              -11   03/03/1980
HIGHEST            76   03/16        52      24       74  03/11
LOWEST              0   03/06        33     -33        9  03/04
AVG. MAXIMUM     52.0              53.2    -1.2     50.9
AVG. MINIMUM     31.9              34.0    -2.1     28.1
MEAN             41.9              43.6    -1.7     39.5
DAYS MAX >= 90      0               0.0     0.0        0
DAYS MAX <= 32      2               1.1     0.9        1
DAYS MIN <= 32     16              13.7     2.3       22
DAYS MIN <= 0       1               0.0     1.0        0

PRECIPITATION (INCHES)
TOTALS           6.32              3.96    2.36     2.41
DAILY AVG.       0.20              0.13    0.07     0.08
DAYS >= .01        14              12.5     1.5        8
DAYS >= .10         8               8.2    -0.2        5
DAYS >= .50         6               2.4     3.6        2
DAYS >= 1.00        2               0.9     1.1        0
GREATEST
 24 HR. TOTAL    1.32   03/13 TO 03/13

SNOWFALL (INCHES)
TOTALS            4.9               3.0     1.9      3.3
SINCE 7/1        29.9              21.6     8.3     46.9
DAYS >= TRACE       5               2.4     2.6        6
DAYS >= 1.0         2               0.9     1.1        1
GREATEST
 24 HR TOTAL      3.1   03/04 TO 03/04

DEGREE_DAYS
HEATING TOTAL     705               666      39      782
 SINCE 7/1       4932              4493     439     5026
COOLING TOTAL       0                 0       0        0
 SINCE 1/1          0                 0       0        0
....................................................

WIND (MPH)
AVERAGE WIND SPEED              8.9
RESULTANT WIND SPEED/DIRECTION   2/334
HIGHEST WIND SPEED/DIRECTION    39/300    DATE  03/31
HIGHEST GUST SPEED/DIRECTION    39/300    DATE  03/31

SKY COVER
AVERAGE SKY COVER           0.70

AVERAGE RH (PERCENT)     64

WEATHER CONDITIONS. NUMBER OF DAYS WITH
THUNDERSTORM              1     MIXED PRECIP               0
HEAVY RAIN                5     RAIN                       9
LIGHT RAIN               13     FREEZING RAIN              0
LT FREEZING RAIN          1     HAIL                       0
HEAVY SNOW                0     SNOW                       1
LIGHT SNOW                4     SLEET                      1
FOG                      14     FOG W/VIS <= 1/4 MILE      4
HAZE                     13

-  INDICATES NEGATIVE NUMBERS.
R  INDICATES RECORD WAS SET OR TIED.
MM INDICATES DATA IS MISSING.
T  INDICATES TRACE AMOUNT.

$$
