000
CXUS53 KGID 011952 CCA
CLMGRI

CLIMATE REPORT...CORRECTION
NATIONAL WEATHER SERVICE HASTINGS NE
1218 PM CDT WED APR 1 2015
CORRECTED THUNDERSTORM DAYS

...................................

...THE GRAND ISLAND NE CLIMATE SUMMARY FOR THE MONTH OF MARCH 2015...

CLIMATE NORMAL PERIOD 1981 TO 2010
CLIMATE RECORD PERIOD 1895 TO 2015

WEATHER         OBSERVED          NORMAL  DEPART  LAST YEAR`S
                 VALUE   DATE(S)  VALUE   FROM    VALUE  DATE(S)
                                          NORMAL
................................................................
TEMPERATURE (F)
RECORD
 HIGH              90   03/16/2015
                        03/29/1986
                        03/31/1978
 LOW              -21   03/04/1960
HIGHEST            90R  03/16        77      13       77  03/30
                                                          03/10
LOWEST              2   03/05         7      -5       -5  03/02
AVG. MAXIMUM     60.4              51.1     9.3     51.3
AVG. MINIMUM     27.2              27.6    -0.4     23.2
MEAN             43.8              39.4     4.4     37.2
DAYS MAX >= 90      1               0.1     0.9        0
DAYS MAX <= 32      1               2.9    -1.9        4
DAYS MIN <= 32     22              21.1     0.9       27
DAYS MIN <= 0       0               0.5    -0.5        3

PRECIPITATION (INCHES)
RECORD
 MAXIMUM         6.63   1987
 MINIMUM            T   1907
TOTALS           0.16              1.80   -1.64     0.19
DAILY AVG.       0.01              0.06   -0.05     0.01
DAYS >= .01         5               7.1    -2.1        5
DAYS >= .10         0               3.8    -3.8        1
DAYS >= .50         0               1.2    -1.2        0
DAYS >= 1.00        0               0.4    -0.4        0
GREATEST
 24 HR. TOTAL    0.07   03/24 TO 03/24

SNOWFALL (INCHES)
RECORDS
 TOTAL           23.5   1915
TOTALS            0.6               5.4    -4.8      1.2
SINCE 7/1        23.5              27.5    -4.0     14.7
SNOWDEPTH AVG.      0                MM      MM        0
DAYS >= 1.0         0               1.1    -1.1        1
GREATEST
 SNOW DEPTH         1   03/04                          0  MM

DEGREE_DAYS
HEATING TOTAL     648               796    -148      854
 SINCE 7/1       5385              5557    -172     5689
COOLING TOTAL       0                 0       0        0
 SINCE 1/1          0                 0       0        0
.................................................................

WIND (MPH)
AVERAGE WIND SPEED              11.0
HIGHEST WIND SPEED/DIRECTION    41/320    DATE  03/29
HIGHEST GUST SPEED/DIRECTION    50/330    DATE  03/29

SKY COVER
POSSIBLE SUNSHINE (PERCENT)   MM
NUMBER OF DAYS FAIR           25
NUMBER OF DAYS PC              5
NUMBER OF DAYS CLOUDY          1

AVERAGE RH (PERCENT)     52

WEATHER CONDITIONS. NUMBER OF DAYS WITH
THUNDERSTORM              1     MIXED PRECIP               0
HEAVY RAIN                0     RAIN                       0
LIGHT RAIN                3     FREEZING RAIN              0
LT FREEZING RAIN          0     HAIL                       0
HEAVY SNOW                0     SNOW                       1
LIGHT SNOW                3     SLEET                      0
FOG                       7     FOG W/VIS <= 1/4 MILE      2
HAZE                      5

-  INDICATES NEGATIVE NUMBERS.
R  INDICATES RECORD WAS SET OR TIED.
MM INDICATES DATA IS MISSING.
T  INDICATES TRACE AMOUNT.

$$
DOXEY
