000
CXUS54 KJAN 011447
CLMGWO


CLIMATE REPORT
NATIONAL WEATHER SERVICE JACKSON MS
945 AM CDT FRI MAY 1 2015

...................................

...THE GREENWOOD CLIMATE SUMMARY FOR THE MONTH OF APRIL 2015...

CLIMATE NORMAL PERIOD 1981 TO 2010
CLIMATE RECORD PERIOD 1948 TO 2015

WEATHER         OBSERVED          NORMAL  DEPART  LAST YEAR`S
                 VALUE   DATE(S)  VALUE   FROM    VALUE  DATE(S)
                                          NORMAL
................................................................
TEMPERATURE (F)
RECORD
 HIGH              94   04/21/1987
 LOW               28   04/11/1989
                        04/04/1987
HIGHEST            87   04/08        MM      MM       86  04/03
LOWEST             41   04/05        MM      MM       35  04/16
AVG. MAXIMUM     76.3              75.2     1.1     73.6
AVG. MINIMUM     55.9              51.6     4.3     50.0
MEAN             66.1              63.4     2.7     61.8
DAYS MAX >= 90      0               0.2    -0.2        0
DAYS MAX <= 32      0               0.0     0.0        0
DAYS MIN <= 32      0               0.4    -0.4        0
DAYS MIN <= 0       0               0.0     0.0        0

PRECIPITATION (INCHES)
RECORD
 MAXIMUM        14.68   1991
 MINIMUM         0.83   1976
TOTALS           6.40              5.13    1.27     9.62
DAILY AVG.       0.21              0.17    0.04     0.32
DAYS >= .01        15               7.8     7.2        9
DAYS >= .10        14               5.5     8.5        8
DAYS >= .50         4               2.6     1.4        5
DAYS >= 1.00        1               1.8    -0.8        3
GREATEST
 24 HR. TOTAL    2.08   04/24 TO 04/25              3.36

SNOWFALL (INCHES)
TOTALS            0.0

DEGREE_DAYS
HEATING TOTAL      61               124     -63      145
 SINCE 7/1       2855              2671     184     3237
COOLING TOTAL     102                76      26       59
 SINCE 1/1        111               102       9       63
.................................................................

WIND (MPH)
AVERAGE WIND SPEED              7.1
HIGHEST WIND SPEED/DIRECTION    28/210    DATE  04/02
HIGHEST GUST SPEED/DIRECTION    35/200    DATE  04/03

SKY COVER
POSSIBLE SUNSHINE (PERCENT)   MM
AVERAGE SKY COVER           0.40
NUMBER OF DAYS FAIR           16
NUMBER OF DAYS PC             10
NUMBER OF DAYS CLOUDY          4

AVERAGE RH (PERCENT)     69

WEATHER CONDITIONS. NUMBER OF DAYS WITH
THUNDERSTORM             12     MIXED PRECIP               0
HEAVY RAIN                8     RAIN                      10
LIGHT RAIN               17     FREEZING RAIN              0
LT FREEZING RAIN          0     HAIL                       0
HEAVY SNOW                0     SNOW                       0
LIGHT SNOW                0     SLEET                      0
FOG                      20     FOG W/VIS <= 1/4 MILE      2
HAZE                      5

-  INDICATES NEGATIVE NUMBERS.
R  INDICATES RECORD WAS SET OR TIED.
MM INDICATES DATA IS MISSING.
T  INDICATES TRACE AMOUNT.

$$
