000
CXUS51 KBTV 011350
CLMVSF


CLIMATE REPORT
NATIONAL WEATHER SERVICE BURLINGTON VT
947 AM EDT WED APR 1 2015

...................................

...THE SPRINGFIELD VT CLIMATE SUMMARY FOR THE MONTH OF MARCH 2015...

CLIMATE NORMAL PERIOD 1981 TO 2010
CLIMATE RECORD PERIOD 9999 TO 9999

WEATHER         OBSERVED          NORMAL  DEPART  LAST YEAR`S
                 VALUE   DATE(S)  VALUE   FROM    VALUE  DATE(S)
                                          NORMAL
................................................................
TEMPERATURE (F)
RECORD
 HIGH              86   MM
 LOW              -11   03/06/2015
HIGHEST            53   03/11        MM      MM       51  03/29
                                                          03/11
LOWEST            -11R  03/06        MM      MM       -9  03/04
AVG. MAXIMUM     37.1              42.1    -5.0     34.8
AVG. MINIMUM     15.0              21.1    -6.1     12.6
MEAN             26.0              31.6    -5.6     23.7
DAYS MAX >= 90      0               0.0     0.0        0
DAYS MAX <= 32     11               4.1     6.9       12
DAYS MIN <= 32     29              29.1    -0.1       29
DAYS MIN <= 0       3               1.2     1.8        7

PRECIPITATION (INCHES)
RECORD
 MAXIMUM           MM   MM
 MINIMUM           MM   MM
TOTALS           0.85              3.30   -2.45     2.02
DAILY AVG.       0.03              0.11   -0.08     0.07
DAYS >= .01         9                MM      MM        6
DAYS >= .10         1                MM      MM        4
DAYS >= .50         1                MM      MM        2
DAYS >= 1.00        0                MM      MM        0
GREATEST
 24 HR. TOTAL    0.51   03/26 TO 03/26

DEGREE_DAYS
HEATING TOTAL    1199              1035     164     1272
 SINCE 7/1       6751              6480     271     6983
COOLING TOTAL       0                 0       0        0
 SINCE 1/1          0                 0       0        0
........................................................

WIND (MPH)
AVERAGE WIND SPEED              5.5
HIGHEST WIND SPEED/DIRECTION    26/270    DATE  03/09
HIGHEST GUST SPEED/DIRECTION    41/310    DATE  03/17

SKY COVER
POSSIBLE SUNSHINE (PERCENT)   MM
AVERAGE SKY COVER           0.50
NUMBER OF DAYS FAIR           15
NUMBER OF DAYS PC              7
NUMBER OF DAYS CLOUDY          9

AVERAGE RH (PERCENT)     59

WEATHER CONDITIONS. NUMBER OF DAYS WITH
THUNDERSTORM              0     MIXED PRECIP               0
HEAVY RAIN                1     RAIN                       1
LIGHT RAIN               10     FREEZING RAIN              0
LT FREEZING RAIN          3     HAIL                       0
HEAVY SNOW                0     SNOW                       0
LIGHT SNOW               11     SLEET                      0
FOG                      16     FOG W/VIS <= 1/4 MILE      3
HAZE                     11

-  INDICATES NEGATIVE NUMBERS.
R  INDICATES RECORD WAS SET OR TIED.
MM INDICATES DATA IS MISSING.
T  INDICATES TRACE AMOUNT.

$$
