000
CXUS51 KBGM 011914
CF6AVP
PRELIMINARY LOCAL CLIMATOLOGICAL DATA (WS FORM: F-6)

                                          STATION:   AVOCA PA
                                          MONTH:     MARCH
                                          YEAR:      2015
                                          LATITUDE:   41 19 N
                                          LONGITUDE:  75 44 W

  TEMPERATURE IN F:       :PCPN:    SNOW:  WIND      :SUNSHINE: SKY     :PK WND
================================================================================
1   2   3   4   5  6A  6B    7    8   9   10  11  12  13   14  15   16   17  18
                                     12Z  AVG MX 2MIN
DY MAX MIN AVG DEP HDD CDD  WTR  SNW DPTH SPD SPD DIR MIN PSBL S-S WX    SPD DR
================================================================================

 1  25   9  17 -15  48   0 0.17  1.8    M  4.5 13 220   M    M   9 18     18 220
 2  34  21  28  -4  37   0 0.01  0.2    M 11.6 26 330   M    M   5 18     34 290
 3  31  10  21 -11  44   0 0.21  0.8    M  4.4 21 260   M    M   6 18     29 260
 4  40  30  35   2  30   0 0.06    T    M  7.2 14 240   M    M  10 168    19 230
 5  34  10  22 -11  43   0 0.06  0.6    M 11.3 24 340   M    M   8 18     31 330
 6  24   4  14 -19  51   0 0.00  0.0    M  4.3 13 340   M    M   0        18 350
 7  36  11  24 -10  41   0 0.00  0.0    M  7.6 21 250   M    M   6 8      27 240
 8  44  29  37   3  28   0    T    T    M  7.5 21 330   M    M   6 8      27 250
 9  48  28  38   4  27   0 0.00  0.0    M  5.9 15 230   M    M   3        20 220
10  52  28  40   5  25   0 0.26  0.0    M  2.3 12 230   M    M   5 128    17 230
11  55  39  47  12  18   0 0.02  0.0    M  7.4 21 340   M    M   4 128    27 340
12  42  28  35   0  30   0 0.00  0.0    M 13.0 31 340   M    M   0        39 350
13  46  23  35  -1  30   0 0.00  0.0    M  5.4 15 220   M    M   0        22 220
14  43  36  40   4  25   0 0.32  0.0    M  4.3 12 230   M    M  10 12     16 230
15  40  35  38   2  27   0    T    T    M 12.4 25 320   M    M  10 8      39 320
16  50  30  40   3  25   0    T  0.0    M  5.8 16 340   M    M   3        21 340
17  49  30  40   3  25   0 0.11    T    M 11.0 32 320   M    M   6 18     42 330
18  38  25  32  -5  33   0    T    T    M 13.3 30 320   M    M   5        39 320
19  40  23  32  -6  33   0    T    T    M  6.5 17 340   M    M   0        23 360
20  33  29  31  -7  34   0 0.27  3.0    M  4.0 10  60   M    M   8 128    14 140
21  43  30  37  -1  28   0 0.03  0.1    M  5.9 20 320   M    M  10 18     24 320
22  36  22  29 -10  36   0 0.00  0.0    M 12.9 23 300   M    M   1        31 300
23  33  21  27 -12  38   0 0.00  0.0    M 10.7 20 320   M    M   3        30 350
24  43  16  30 -10  35   0 0.00  0.0    M  4.0 13  10   M    M   2 8      18 360
25  44  22  33  -7  32   0 0.03  0.0    M  5.8 18 200   M    M   5 8      27 190
26  60  34  47   7  18   0 0.11  0.0    M  6.1 18 350   M    M   7 18     24 310
27  42  31  37  -4  28   0    T  0.0    M  9.4 16 340   M    M   9 8      22 350
28  31  20  26 -15  39   0 0.00  0.0    M 13.4 22 340   M    M  10        30 320
29  45  17  31 -11  34   0 0.00  0.0    M  5.7 16 250   M    M   1        22 240
30  51  33  42   0  23   0    T  0.0    M 12.4 28 320   M    M  10 8      35 330
31  40  29  35  -7  30   0 0.30  2.5    M  5.4 14 260   M    M   6 12     19 260
================================================================================
SM 1272  753       995   0  1.96     9.0 241.4          M      168
================================================================================
AV 41.0 24.3                               7.8 FASTST   M    M   5    MAX(MPH)
                                 MISC ---->  # 32 320               # 42  330
================================================================================
NOTES:
# LAST OF SEVERAL OCCURRENCES

COLUMN 17 PEAK WIND IN M.P.H.

PRELIMINARY LOCAL CLIMATOLOGICAL DATA (WS FORM: F-6) , PAGE 2

                                          STATION:  AVOCA PA
                                          MONTH:    MARCH
                                          YEAR:     2015
                                          LATITUDE:   41 19 N
                                          LONGITUDE:  75 44 W

[TEMPERATURE DATA]      [PRECIPITATION DATA]       SYMBOLS USED IN COLUMN 16

AVERAGE MONTHLY: 32.7   TOTAL FOR MONTH:   1.96    1 = FOG OR MIST
DPTR FM NORMAL:  -4.2   DPTR FM NORMAL:   -0.59    2 = FOG REDUCING VISIBILITY
HIGHEST:    60 ON 26    GRTST 24HR  0.32 ON 14-14      TO 1/4 MILE OR LESS
LOWEST:      4 ON  6                               3 = THUNDER
                        SNOW, ICE PELLETS, HAIL    4 = ICE PELLETS
                        TOTAL MONTH:   9.0 INCHES  5 = HAIL
                        GRTST 24HR   3.0 ON 20-20  6 = FREEZING RAIN OR DRIZZLE
                        GRTST DEPTH:  M  ON   M    7 = DUSTSTORM OR SANDSTORM:
                                                       VSBY 1/2 MILE OR LESS
                                                   8 = SMOKE OR HAZE
[NO. OF DAYS WITH]      [WEATHER - DAYS WITH]      9 = BLOWING SNOW
                                                   X = TORNADO
MAX 32 OR BELOW:   4    0.01 INCH OR MORE:  14
MAX 90 OR ABOVE:   0    0.10 INCH OR MORE:   8
MIN 32 OR BELOW:  26    0.50 INCH OR MORE:   0
MIN  0 OR BELOW:   0    1.00 INCH OR MORE:   0

[HDD (BASE 65) ]
TOTAL THIS MO.   995    CLEAR  (SCALE 0-3)   8
DPTR FM NORMAL   124    PTCLDY (SCALE 4-7)  14
TOTAL FM JUL 1  5692    CLOUDY (SCALE 8-10)  9
DPTR FM NORMAL   215

[CDD (BASE 65) ]
TOTAL THIS MO.     0
DPTR FM NORMAL     0    [PRESSURE DATA]
TOTAL FM JAN 1     0    HIGHEST SLP 30.69 ON  1
DPTR FM NORMAL     0    LOWEST  SLP 29.58 ON 17

[REMARKS]
#FINAL-03-15#
