000
CDUS41 KBGM 062135
CLIAVP


CLIMATE REPORT
NATIONAL WEATHER SERVICE BINGHAMTON NY
518 PM EDT WED MAY 6 2015


...................................

...THE AVOCA PA CLIMATE SUMMARY FOR MAY 6 2015...
VALID TODAY AS OF 0500 PM LOCAL TIME.

CLIMATE NORMAL PERIOD 1981 TO 2010
CLIMATE RECORD PERIOD 1901 TO 2015


WEATHER ITEM   OBSERVED TIME   RECORD YEAR NORMAL DEPARTURE LAST
                VALUE   (LST)  VALUE       VALUE  FROM      YEAR
                                                  NORMAL
..................................................................
TEMPERATURE (F)
 TODAY
  MAXIMUM         67    354 PM  90    1949  67      0       65
  MINIMUM         53    656 AM  34    1910  45      8       39
  AVERAGE         60                        56      4       52

PRECIPITATION (IN)
  TODAY            0.14          1.38 1989   0.11   0.03     0.00
  MONTH TO DATE    0.14                      0.65  -0.51     0.06
  SINCE MAR 1      4.98                      6.53  -1.55     5.14
  SINCE JAN 1      7.98                     10.93  -2.95    10.02

SNOWFALL (IN)
  TODAY            0.0           0.4  1967   0.0    0.0      0.0
  MONTH TO DATE    0.0                       0.3   -0.3      0.0
  SINCE MAR 1      9.0                      12.6   -3.6      3.1
  SINCE JUL 1     51.4                      46.5    4.9     58.9

DEGREE DAYS
 HEATING
  TODAY            5                        10     -5       13
  MONTH TO DATE   24                        62    -38       58
  SINCE MAR 1   1471                      1429     42     1599
  SINCE JUL 1   6168                      6035    133     6422

 COOLING
  TODAY            0                         0      0        0
  MONTH TO DATE   10                         0     10        0
  SINCE MAR 1     10                         6      4        7
  SINCE JAN 1     10                         6      4        7
..................................................................


WIND (MPH)
  HIGHEST WIND SPEED    12   HIGHEST WIND DIRECTION    NE (30)
  HIGHEST GUST SPEED    15   HIGHEST GUST DIRECTION     E (110)
  AVERAGE WIND SPEED     4.4


SKY COVER
  AVERAGE SKY COVER 1.0


WEATHER CONDITIONS
 THE FOLLOWING WEATHER WAS RECORDED TODAY.
  RAIN
  LIGHT RAIN
  FOG


RELATIVE HUMIDITY (PERCENT)
 HIGHEST    89           700 AM
 LOWEST     52          1200 AM
 AVERAGE    71

..........................................................


THE AVOCA PA CLIMATE NORMALS FOR TOMORROW
                         NORMAL    RECORD    YEAR
 MAXIMUM TEMPERATURE (F)   67        90      1930
 MINIMUM TEMPERATURE (F)   45        31      1996


SUNRISE AND SUNSET
MAY  6 2015...........SUNRISE   554 AM EDT   SUNSET   805 PM EDT
MAY  7 2015...........SUNRISE   553 AM EDT   SUNSET   806 PM EDT


-  INDICATES NEGATIVE NUMBERS.
R  INDICATES RECORD WAS SET OR TIED.
MM INDICATES DATA IS MISSING.
T  INDICATES TRACE AMOUNT.




$$
