000
CDUS41 KBGM 240701
CLIAVP


CLIMATE REPORT
NATIONAL WEATHER SERVICE BINGHAMTON NY
257 AM EDT FRI APR 24 2015


...................................

...THE AVOCA PA CLIMATE SUMMARY FOR APRIL 23 2015...

CLIMATE NORMAL PERIOD 1981 TO 2010
CLIMATE RECORD PERIOD 1901 TO 2015


WEATHER ITEM   OBSERVED TIME   RECORD YEAR NORMAL DEPARTURE LAST
                VALUE   (LST)  VALUE       VALUE  FROM      YEAR
                                                  NORMAL
..................................................................
TEMPERATURE (F)
 YESTERDAY
  MAXIMUM         45    158 PM  86    2001  62    -17       49
  MINIMUM         35   1159 PM  24    1930  41     -6       39
  AVERAGE         40                        52    -12       44

PRECIPITATION (IN)
  YESTERDAY        T             1.20 1906   0.11  -0.11      T
  MONTH TO DATE    2.88                      2.54   0.34     1.91
  SINCE MAR 1      4.84                      5.09  -0.25     3.98
  SINCE JAN 1      7.84                      9.49  -1.65     8.86

SNOWFALL (IN)
  YESTERDAY        T             5.2  1986   0.1   -0.1      0.0
  MONTH TO DATE    T                         2.7   -2.7      0.7
  SINCE MAR 1      9.0                      11.7   -2.7      3.1
  SINCE JUL 1     51.4                      45.6    5.8     58.9

DEGREE DAYS
 HEATING
  YESTERDAY       25                        14     11       21
  MONTH TO DATE  347                       410    -63      383
  SINCE MAR 1   1342                      1281     61     1426
  SINCE JUL 1   6039                      5887    152     6249

 COOLING
  YESTERDAY        0                         0      0        0
  MONTH TO DATE    0                         0      0        7
  SINCE MAR 1      0                         0      0        7
  SINCE JAN 1      0                         0      0        7
..................................................................


WIND (MPH)
  HIGHEST WIND SPEED    24   HIGHEST WIND DIRECTION     W (290)
  HIGHEST GUST SPEED    34   HIGHEST GUST DIRECTION     W (290)
  AVERAGE WIND SPEED    12.9


SKY COVER
  AVERAGE SKY COVER 0.9



RELATIVE HUMIDITY (PERCENT)
 HIGHEST    70           100 AM
 LOWEST     41           400 PM
 AVERAGE    56

..........................................................


THE AVOCA PA CLIMATE NORMALS FOR TODAY
                         NORMAL    RECORD    YEAR
 MAXIMUM TEMPERATURE (F)   63        87      1960
 MINIMUM TEMPERATURE (F)   41        25      1930


SUNRISE AND SUNSET
APRIL 24 2015.........SUNRISE   610 AM EDT   SUNSET   753 PM EDT
APRIL 25 2015.........SUNRISE   609 AM EDT   SUNSET   754 PM EDT


-  INDICATES NEGATIVE NUMBERS.
R  INDICATES RECORD WAS SET OR TIED.
MM INDICATES DATA IS MISSING.
T  INDICATES TRACE AMOUNT.

$$
