000
CDUS41 KBGM 050550
CLIAVP


CLIMATE REPORT
NATIONAL WEATHER SERVICE BINGHAMTON NY
148 AM EDT TUE MAY 5 2015


...................................

...THE AVOCA PA CLIMATE SUMMARY FOR MAY 4 2015...

CLIMATE NORMAL PERIOD 1981 TO 2010
CLIMATE RECORD PERIOD 1901 TO 2015


WEATHER ITEM   OBSERVED TIME   RECORD YEAR NORMAL DEPARTURE LAST
                VALUE   (LST)  VALUE       VALUE  FROM      YEAR
                                                  NORMAL
..................................................................
TEMPERATURE (F)
 YESTERDAY
  MAXIMUM         85    319 PM  90    1913  66     19       61
  MINIMUM         51    605 AM  32    2002  44      7       48
                                      1978
                                      1926
  AVERAGE         68                        55     13       55

PRECIPITATION (IN)
  YESTERDAY        0.00          1.28 1972   0.10  -0.10      T
  MONTH TO DATE    T                         0.42  -0.42     0.06
  SINCE MAR 1      4.84                      6.30  -1.46     5.14
  SINCE JAN 1      7.84                     10.70  -2.86    10.02

SNOWFALL (IN)
  YESTERDAY        0.0           T    1976   0.0    0.0      0.0
                                      1966
  MONTH TO DATE    0.0                       0.2   -0.2      0.0
  SINCE MAR 1      9.0                      12.5   -3.5      3.1
  SINCE JUL 1     51.4                      46.4    5.0     58.9

DEGREE DAYS
 HEATING
  YESTERDAY        0                        10    -10       10
  MONTH TO DATE   19                        42    -23       32
  SINCE MAR 1   1466                      1409     57     1573
  SINCE JUL 1   6163                      6015    148     6396

 COOLING
  YESTERDAY        3                         0      3        0
  MONTH TO DATE    3                         0      3        0
  SINCE MAR 1      3                         6     -3        7
  SINCE JAN 1      3                         6     -3        7
..................................................................


WIND (MPH)
  HIGHEST WIND SPEED    25   HIGHEST WIND DIRECTION     W (270)
  HIGHEST GUST SPEED    32   HIGHEST GUST DIRECTION     W (270)
  AVERAGE WIND SPEED     7.3


SKY COVER
  AVERAGE SKY COVER 0.2



RELATIVE HUMIDITY (PERCENT)
 HIGHEST    59           500 AM
 LOWEST     19           300 PM
 AVERAGE    39

..........................................................


THE AVOCA PA CLIMATE NORMALS FOR TODAY
                         NORMAL    RECORD    YEAR
 MAXIMUM TEMPERATURE (F)   67        90      1949
 MINIMUM TEMPERATURE (F)   44        27      1974


SUNRISE AND SUNSET
MAY  5 2015...........SUNRISE   556 AM EDT   SUNSET   804 PM EDT
MAY  6 2015...........SUNRISE   554 AM EDT   SUNSET   805 PM EDT


-  INDICATES NEGATIVE NUMBERS.
R  INDICATES RECORD WAS SET OR TIED.
MM INDICATES DATA IS MISSING.
T  INDICATES TRACE AMOUNT.




$$
